Last updated on 2021-07-01 01:49:06 CEST.
Flavor | Version | Tinstall | Tcheck | Ttotal | Status | Flags |
---|---|---|---|---|---|---|
r-devel-linux-x86_64-debian-clang | 1.0.2 | 5.35 | 65.62 | 70.97 | OK | |
r-devel-linux-x86_64-debian-gcc | 1.0.2 | 4.13 | 48.44 | 52.57 | OK | |
r-devel-linux-x86_64-fedora-clang | 1.0.2 | 92.76 | NOTE | |||
r-devel-linux-x86_64-fedora-gcc | 1.0.2 | 79.05 | NOTE | |||
r-devel-windows-x86_64 | 1.0.2 | 9.00 | 95.00 | 104.00 | OK | |
r-devel-windows-x86_64-gcc10-UCRT | 1.0.2 | NOTE | ||||
r-patched-linux-x86_64 | 1.0.2 | 5.42 | 60.34 | 65.76 | OK | |
r-patched-solaris-x86 | 1.0.2 | 173.00 | NOTE | |||
r-release-linux-x86_64 | 1.0.2 | 5.26 | 59.79 | 65.05 | OK | |
r-release-macos-arm64 | 1.0.2 | NOTE | ||||
r-release-macos-x86_64 | 1.0.2 | NOTE | ||||
r-release-windows-ix86+x86_64 | 1.0.2 | 15.00 | 107.00 | 122.00 | OK | |
r-oldrel-macos-x86_64 | 1.0.2 | NOTE | ||||
r-oldrel-windows-ix86+x86_64 | 1.0.2 | 15.00 | 116.00 | 131.00 | OK |
Version: 1.0.2
Check: dependencies in R code
Result: NOTE
Namespace in Imports field not imported from: ‘Rdpack’
All declared Imports should be used.
Flavors: r-devel-linux-x86_64-fedora-clang, r-devel-linux-x86_64-fedora-gcc, r-devel-windows-x86_64-gcc10-UCRT, r-patched-solaris-x86, r-release-macos-arm64, r-release-macos-x86_64, r-oldrel-macos-x86_64