Last updated on 2021-07-01 01:49:06 CEST.
Flavor | Version | Tinstall | Tcheck | Ttotal | Status | Flags |
---|---|---|---|---|---|---|
r-devel-linux-x86_64-debian-clang | 0.4.9 | 16.39 | 132.40 | 148.79 | NOTE | |
r-devel-linux-x86_64-debian-gcc | 0.4.9 | 15.93 | 96.91 | 112.84 | NOTE | |
r-devel-linux-x86_64-fedora-clang | 0.4.9 | 181.51 | NOTE | |||
r-devel-linux-x86_64-fedora-gcc | 0.4.9 | 170.30 | NOTE | |||
r-devel-windows-x86_64 | 0.4.9 | 40.00 | 139.00 | 179.00 | NOTE | |
r-devel-windows-x86_64-gcc10-UCRT | 0.4.9 | NOTE | ||||
r-patched-linux-x86_64 | 0.4.9 | 17.92 | 121.41 | 139.33 | NOTE | |
r-patched-solaris-x86 | 0.4.9 | 5.50 | ERROR | |||
r-release-linux-x86_64 | 0.4.9 | 14.84 | 122.19 | 137.03 | NOTE | |
r-release-macos-arm64 | 0.4.9 | NOTE | ||||
r-release-macos-x86_64 | 0.4.9 | NOTE | ||||
r-release-windows-ix86+x86_64 | 0.4.9 | 42.00 | 155.00 | 197.00 | NOTE | |
r-oldrel-macos-x86_64 | 0.4.9 | OK | ||||
r-oldrel-windows-ix86+x86_64 | 0.4.9 | 38.00 | 125.00 | 163.00 | OK |
Version: 0.4.9
Check: LazyData
Result: NOTE
'LazyData' is specified without a 'data' directory
Flavors: r-devel-linux-x86_64-debian-clang, r-devel-linux-x86_64-debian-gcc, r-devel-linux-x86_64-fedora-clang, r-devel-linux-x86_64-fedora-gcc, r-devel-windows-x86_64, r-devel-windows-x86_64-gcc10-UCRT, r-patched-linux-x86_64, r-release-linux-x86_64, r-release-macos-arm64, r-release-macos-x86_64, r-release-windows-ix86+x86_64
Version: 0.4.9
Check: package dependencies
Result: NOTE
Imports includes 27 non-default packages.
Importing from so many packages makes the package vulnerable to any of
them becoming unavailable. Move as many as possible to Suggests and
use conditionally.
Flavor: r-devel-linux-x86_64-fedora-clang
Version: 0.4.9
Check: package dependencies
Result: ERROR
Package required but not available: ‘seasonal’
See section ‘The DESCRIPTION file’ in the ‘Writing R Extensions’
manual.
Flavor: r-patched-solaris-x86