Last updated on 2021-07-01 01:49:06 CEST.
Flavor | Version | Tinstall | Tcheck | Ttotal | Status | Flags |
---|---|---|---|---|---|---|
r-devel-linux-x86_64-debian-clang | 1.2.4 | 15.87 | 127.00 | 142.87 | NOTE | --no-examples --no-tests --no-vignettes |
r-devel-linux-x86_64-debian-gcc | 1.2.4 | 12.51 | 95.03 | 107.54 | NOTE | --no-examples --no-tests --no-vignettes |
r-devel-linux-x86_64-fedora-clang | 1.2.4 | 206.26 | NOTE | |||
r-devel-linux-x86_64-fedora-gcc | 1.2.4 | 195.76 | NOTE | |||
r-devel-windows-x86_64 | 1.2.4 | 17.00 | 152.00 | 169.00 | NOTE | --no-examples --no-tests --no-vignettes |
r-devel-windows-x86_64-gcc10-UCRT | 1.2.4 | NOTE | ||||
r-patched-linux-x86_64 | 1.2.4 | 14.83 | 119.15 | 133.98 | NOTE | --no-examples --no-tests --no-vignettes |
r-patched-solaris-x86 | 1.2.4 | 244.40 | NOTE | --no-tests --no-vignettes | ||
r-release-linux-x86_64 | 1.2.4 | 13.89 | 120.32 | 134.21 | NOTE | --no-examples --no-tests --no-vignettes |
r-release-macos-arm64 | 1.2.4 | NOTE | ||||
r-release-macos-x86_64 | 1.2.4 | NOTE | ||||
r-release-windows-ix86+x86_64 | 1.2.4 | 39.00 | 153.00 | 192.00 | NOTE | --no-examples --no-tests --no-vignettes |
r-oldrel-macos-x86_64 | 1.2.4 | OK | ||||
r-oldrel-windows-ix86+x86_64 | 1.2.4 | 35.00 | 146.00 | 181.00 | OK | --no-examples --no-tests --no-vignettes |
Version: 1.2.4
Flags: --no-examples --no-tests --no-vignettes
Check: LazyData
Result: NOTE
'LazyData' is specified without a 'data' directory
Flavors: r-devel-linux-x86_64-debian-clang, r-devel-linux-x86_64-debian-gcc, r-devel-windows-x86_64, r-patched-linux-x86_64, r-release-linux-x86_64, r-release-windows-ix86+x86_64
Version: 1.2.4
Check: LazyData
Result: NOTE
'LazyData' is specified without a 'data' directory
Flavors: r-devel-linux-x86_64-fedora-clang, r-devel-linux-x86_64-fedora-gcc, r-devel-windows-x86_64-gcc10-UCRT, r-release-macos-arm64, r-release-macos-x86_64
Version: 1.2.4
Flags: --no-tests --no-vignettes
Check: LazyData
Result: NOTE
'LazyData' is specified without a 'data' directory
Flavor: r-patched-solaris-x86