Last updated on 2021-07-01 01:49:06 CEST.
Flavor | Version | Tinstall | Tcheck | Ttotal | Status | Flags |
---|---|---|---|---|---|---|
r-devel-linux-x86_64-debian-clang | 2.1.6 | 11.12 | 161.69 | 172.81 | OK | |
r-devel-linux-x86_64-debian-gcc | 2.1.6 | 10.31 | 117.75 | 128.06 | OK | |
r-devel-linux-x86_64-fedora-clang | 2.1.6 | 111.77 | NOTE | |||
r-devel-linux-x86_64-fedora-gcc | 2.1.6 | 194.35 | OK | |||
r-devel-windows-x86_64 | 2.1.6 | 17.00 | 88.00 | 105.00 | OK | --no-vignettes |
r-devel-windows-x86_64-gcc10-UCRT | 2.1.6 | OK | ||||
r-patched-linux-x86_64 | 2.1.6 | 13.10 | 143.30 | 156.40 | OK | |
r-patched-solaris-x86 | 2.1.6 | 264.40 | OK | |||
r-release-linux-x86_64 | 2.1.6 | 12.10 | 144.54 | 156.64 | OK | |
r-release-macos-arm64 | 2.1.6 | OK | ||||
r-release-macos-x86_64 | 2.1.6 | OK | ||||
r-oldrel-macos-x86_64 | 2.1.6 | OK | ||||
r-oldrel-windows-ix86+x86_64 | 2.1.6 | 23.00 | 90.00 | 113.00 | OK | --no-vignettes |
Version: 2.1.6
Check: Rd cross-references
Result: NOTE
Undeclared package ‘lmfor’ in Rd xrefs
Flavor: r-devel-linux-x86_64-fedora-clang