CRAN Package Check Results for Package BLModel

Last updated on 2021-07-01 01:49:07 CEST.

Flavor Version Tinstall Tcheck Ttotal Status Flags
r-devel-linux-x86_64-debian-clang 1.0.2 2.08 25.05 27.13 NOTE
r-devel-linux-x86_64-debian-gcc 1.0.2 1.70 19.74 21.44 NOTE
r-devel-linux-x86_64-fedora-clang 1.0.2 41.16 NOTE
r-devel-linux-x86_64-fedora-gcc 1.0.2 31.60 NOTE
r-devel-windows-x86_64 1.0.2 3.00 39.00 42.00 NOTE
r-devel-windows-x86_64-gcc10-UCRT 1.0.2 NOTE
r-patched-linux-x86_64 1.0.2 2.13 23.75 25.88 NOTE
r-patched-solaris-x86 1.0.2 49.70 NOTE
r-release-linux-x86_64 1.0.2 2.25 23.94 26.19 NOTE
r-release-macos-arm64 1.0.2 NOTE
r-release-macos-x86_64 1.0.2 NOTE
r-release-windows-ix86+x86_64 1.0.2 3.00 38.00 41.00 NOTE
r-oldrel-macos-x86_64 1.0.2 OK
r-oldrel-windows-ix86+x86_64 1.0.2 5.00 39.00 44.00 OK

Check Details

Version: 1.0.2
Check: LazyData
Result: NOTE
     'LazyData' is specified without a 'data' directory
Flavors: r-devel-linux-x86_64-debian-clang, r-devel-linux-x86_64-debian-gcc, r-devel-linux-x86_64-fedora-clang, r-devel-linux-x86_64-fedora-gcc, r-devel-windows-x86_64, r-devel-windows-x86_64-gcc10-UCRT, r-patched-linux-x86_64, r-patched-solaris-x86, r-release-linux-x86_64, r-release-macos-arm64, r-release-macos-x86_64, r-release-windows-ix86+x86_64