CRAN Package Check Results for Package BatchGetSymbols

Last updated on 2021-07-01 01:49:05 CEST.

Flavor Version Tinstall Tcheck Ttotal Status Flags
r-devel-linux-x86_64-debian-clang 2.6.1 4.04 56.03 60.07 NOTE
r-devel-linux-x86_64-debian-gcc 2.6.1 3.38 41.82 45.20 NOTE
r-devel-linux-x86_64-fedora-clang 2.6.1 77.44 NOTE
r-devel-linux-x86_64-fedora-gcc 2.6.1 67.36 NOTE
r-devel-windows-x86_64 2.6.1 8.00 69.00 77.00 NOTE
r-devel-windows-x86_64-gcc10-UCRT 2.6.1 NOTE
r-patched-linux-x86_64 2.6.1 4.55 51.05 55.60 NOTE
r-patched-solaris-x86 2.6.1 99.60 NOTE
r-release-linux-x86_64 2.6.1 4.36 51.47 55.83 NOTE
r-release-macos-arm64 2.6.1 NOTE
r-release-macos-x86_64 2.6.1 NOTE
r-release-windows-ix86+x86_64 2.6.1 13.00 76.00 89.00 NOTE
r-oldrel-macos-x86_64 2.6.1 OK
r-oldrel-windows-ix86+x86_64 2.6.1 13.00 66.00 79.00 OK

Check Details

Version: 2.6.1
Check: LazyData
Result: NOTE
     'LazyData' is specified without a 'data' directory
Flavors: r-devel-linux-x86_64-debian-clang, r-devel-linux-x86_64-debian-gcc, r-devel-linux-x86_64-fedora-clang, r-devel-linux-x86_64-fedora-gcc, r-devel-windows-x86_64, r-devel-windows-x86_64-gcc10-UCRT, r-patched-linux-x86_64, r-patched-solaris-x86, r-release-linux-x86_64, r-release-macos-arm64, r-release-macos-x86_64, r-release-windows-ix86+x86_64