CRAN Package Check Results for Package BayLum

Last updated on 2021-07-01 01:49:06 CEST.

Flavor Version Tinstall Tcheck Ttotal Status Flags
r-devel-linux-x86_64-debian-clang 0.2.0 7.03 83.49 90.52 OK
r-devel-linux-x86_64-debian-gcc 0.2.0 5.13 63.31 68.44 OK
r-devel-linux-x86_64-fedora-clang 0.2.0 116.56 OK
r-devel-linux-x86_64-fedora-gcc 0.2.0 108.25 OK
r-devel-windows-x86_64 0.2.0 18.00 113.00 131.00 OK
r-devel-windows-x86_64-gcc10-UCRT 0.2.0 OK
r-patched-linux-x86_64 0.2.0 14.86 80.65 95.51 OK
r-patched-solaris-x86 0.2.0 183.70 OK
r-release-linux-x86_64 0.2.0 6.95 80.98 87.93 OK
r-release-macos-arm64 0.2.0 ERROR
r-release-macos-x86_64 0.2.0 OK
r-release-windows-ix86+x86_64 0.2.0 17.00 108.00 125.00 OK
r-oldrel-macos-x86_64 0.2.0 OK
r-oldrel-windows-ix86+x86_64 0.2.0 16.00 96.00 112.00 OK

Check Details

Version: 0.2.0
Check: package dependencies
Result: ERROR
    Packages required but not available: 'rjags', 'runjags'
    
    See section ‘The DESCRIPTION file’ in the ‘Writing R Extensions’
    manual.
Flavor: r-release-macos-arm64