CRAN Package Check Results for Package BenfordTests

Last updated on 2021-07-01 01:49:06 CEST.

Flavor Version Tinstall Tcheck Ttotal Status Flags
r-devel-linux-x86_64-debian-clang 1.2.0 4.57 26.47 31.04 OK
r-devel-linux-x86_64-debian-gcc 1.2.0 2.83 20.96 23.79 OK
r-devel-linux-x86_64-fedora-clang 1.2.0 47.27 NOTE
r-devel-linux-x86_64-fedora-gcc 1.2.0 35.29 NOTE
r-devel-windows-x86_64 1.2.0 8.00 44.00 52.00 OK
r-devel-windows-x86_64-gcc10-UCRT 1.2.0 OK
r-patched-linux-x86_64 1.2.0 4.09 25.64 29.73 OK
r-patched-solaris-x86 1.2.0 52.70 OK
r-release-linux-x86_64 1.2.0 3.82 25.78 29.60 OK
r-release-macos-arm64 1.2.0 OK
r-release-macos-x86_64 1.2.0 OK
r-release-windows-ix86+x86_64 1.2.0 7.00 40.00 47.00 OK
r-oldrel-macos-x86_64 1.2.0 OK
r-oldrel-windows-ix86+x86_64 1.2.0 234.00 51.00 285.00 OK

Check Details

Version: 1.2.0
Check: compiled code
Result: NOTE
    File ‘BenfordTests/libs/BenfordTests.so’:
     Found no calls to: ‘R_registerRoutines’, ‘R_useDynamicSymbols’
    
    It is good practice to register native routines and to disable symbol
    search.
    
    See ‘Writing portable packages’ in the ‘Writing R Extensions’ manual.
Flavors: r-devel-linux-x86_64-fedora-clang, r-devel-linux-x86_64-fedora-gcc