CRAN Package Check Results for Package Boom

Last updated on 2021-07-01 01:49:07 CEST.

Flavor Version Tinstall Tcheck Ttotal Status Flags
r-devel-linux-x86_64-debian-clang 0.9.7 1969.35 43.30 2012.65 NOTE
r-devel-linux-x86_64-debian-gcc 0.9.7 1156.23 40.85 1197.08 NOTE
r-devel-linux-x86_64-fedora-clang 0.9.7 2710.43 NOTE
r-devel-linux-x86_64-fedora-gcc 0.9.7 2146.94 NOTE
r-devel-windows-x86_64 0.9.7 1512.00 73.00 1585.00 NOTE
r-devel-windows-x86_64-gcc10-UCRT 0.9.7 NOTE
r-patched-linux-x86_64 0.9.7 1574.93 49.70 1624.63 NOTE
r-release-linux-x86_64 0.9.7 1575.31 49.91 1625.22 NOTE
r-release-macos-arm64 0.9.7 NOTE
r-release-macos-x86_64 0.9.7 NOTE
r-release-windows-ix86+x86_64 0.9.7 2931.00 78.00 3009.00 NOTE
r-oldrel-macos-x86_64 0.9.7 NOTE
r-oldrel-windows-ix86+x86_64 0.9.7 3789.00 79.00 3868.00 NOTE

Check Details

Version: 0.9.7
Check: for GNU extensions in Makefiles
Result: NOTE
    GNU make is a SystemRequirements.
Flavors: r-devel-linux-x86_64-debian-clang, r-devel-linux-x86_64-debian-gcc, r-devel-linux-x86_64-fedora-clang, r-devel-linux-x86_64-fedora-gcc, r-devel-windows-x86_64, r-devel-windows-x86_64-gcc10-UCRT, r-patched-linux-x86_64, r-release-linux-x86_64, r-release-macos-arm64, r-release-macos-x86_64, r-release-windows-ix86+x86_64, r-oldrel-macos-x86_64, r-oldrel-windows-ix86+x86_64

Version: 0.9.7
Check: installed package size
Result: NOTE
     installed size is 342.8Mb
     sub-directories of 1Mb or more:
     include 9.0Mb
     lib 333.4Mb
Flavors: r-devel-linux-x86_64-fedora-clang, r-devel-windows-x86_64, r-release-macos-arm64, r-release-macos-x86_64, r-release-windows-ix86+x86_64, r-oldrel-macos-x86_64, r-oldrel-windows-ix86+x86_64