Last updated on 2021-07-01 01:49:07 CEST.
Flavor | Version | Tinstall | Tcheck | Ttotal | Status | Flags |
---|---|---|---|---|---|---|
r-devel-linux-x86_64-debian-clang | 1.02 | 3.28 | 26.87 | 30.15 | NOTE | |
r-devel-linux-x86_64-debian-gcc | 1.02 | 2.32 | 21.08 | 23.40 | NOTE | |
r-devel-linux-x86_64-fedora-clang | 1.02 | 44.85 | NOTE | |||
r-devel-linux-x86_64-fedora-gcc | 1.02 | 34.97 | NOTE | |||
r-devel-windows-x86_64 | 1.02 | 6.00 | 41.00 | 47.00 | NOTE | |
r-devel-windows-x86_64-gcc10-UCRT | 1.02 | NOTE | ||||
r-patched-linux-x86_64 | 1.02 | 3.21 | 25.84 | 29.05 | NOTE | |
r-patched-solaris-x86 | 1.02 | 54.90 | NOTE | |||
r-release-linux-x86_64 | 1.02 | 2.97 | 26.27 | 29.24 | NOTE | |
r-release-macos-arm64 | 1.02 | NOTE | ||||
r-release-macos-x86_64 | 1.02 | NOTE | ||||
r-release-windows-ix86+x86_64 | 1.02 | 6.00 | 31.00 | 37.00 | NOTE | |
r-oldrel-macos-x86_64 | 1.02 | NOTE | ||||
r-oldrel-windows-ix86+x86_64 | 1.02 | 6.00 | 41.00 | 47.00 | NOTE |
Version: 1.02
Check: R code for possible problems
Result: NOTE
alpha.proxy: no visible global function definition for 'filled.contour'
alpha.proxy: no visible global function definition for 'axis'
alpha.proxy: no visible global function definition for 'contour'
factor.model.stat: no visible global function definition for 'quantile'
factor.model.stat: no visible global function definition for 'lsfit'
partial.rainbow: no visible binding for global variable 'rainbow'
var.shrink.eqcor: no visible global function definition for 'var'
var.shrink.eqcor: no visible global function definition for 'quantile'
var.shrink.eqcor: no visible global function definition for 'cov2cor'
Undefined global functions or variables:
axis contour cov2cor filled.contour lsfit quantile rainbow var
Consider adding
importFrom("grDevices", "rainbow")
importFrom("graphics", "axis", "contour", "filled.contour")
importFrom("stats", "cov2cor", "lsfit", "quantile", "var")
to your NAMESPACE file.
Flavors: r-devel-linux-x86_64-debian-clang, r-devel-linux-x86_64-debian-gcc, r-devel-linux-x86_64-fedora-clang, r-devel-linux-x86_64-fedora-gcc, r-devel-windows-x86_64, r-devel-windows-x86_64-gcc10-UCRT, r-patched-linux-x86_64, r-patched-solaris-x86, r-release-linux-x86_64, r-release-macos-arm64, r-release-macos-x86_64, r-release-windows-ix86+x86_64, r-oldrel-macos-x86_64, r-oldrel-windows-ix86+x86_64