CRAN Package Check Results for Package BurStMisc

Last updated on 2021-07-01 01:49:07 CEST.

Flavor Version Tinstall Tcheck Ttotal Status Flags
r-devel-linux-x86_64-debian-clang 1.1 2.54 27.12 29.66 NOTE
r-devel-linux-x86_64-debian-gcc 1.1 1.94 21.22 23.16 NOTE
r-devel-linux-x86_64-fedora-clang 1.1 45.03 NOTE
r-devel-linux-x86_64-fedora-gcc 1.1 34.55 NOTE
r-devel-windows-x86_64 1.1 3.00 45.00 48.00 NOTE
r-devel-windows-x86_64-gcc10-UCRT 1.1 NOTE
r-patched-linux-x86_64 1.1 2.40 26.05 28.45 NOTE
r-patched-solaris-x86 1.1 55.40 NOTE
r-release-linux-x86_64 1.1 2.32 25.98 28.30 NOTE
r-release-macos-arm64 1.1 NOTE
r-release-macos-x86_64 1.1 NOTE
r-release-windows-ix86+x86_64 1.1 4.00 42.00 46.00 NOTE
r-oldrel-macos-x86_64 1.1 OK
r-oldrel-windows-ix86+x86_64 1.1 5.00 42.00 47.00 OK

Check Details

Version: 1.1
Check: LazyData
Result: NOTE
     'LazyData' is specified without a 'data' directory
Flavors: r-devel-linux-x86_64-debian-clang, r-devel-linux-x86_64-debian-gcc, r-devel-linux-x86_64-fedora-clang, r-devel-linux-x86_64-fedora-gcc, r-devel-windows-x86_64, r-devel-windows-x86_64-gcc10-UCRT, r-patched-linux-x86_64, r-patched-solaris-x86, r-release-linux-x86_64, r-release-macos-arm64, r-release-macos-x86_64, r-release-windows-ix86+x86_64

Version: 1.1
Check: Rd cross-references
Result: NOTE
    Undeclared packages ‘Hmisc’, ‘gtools’ in Rd xrefs
Flavor: r-devel-linux-x86_64-fedora-clang