Last updated on 2021-07-01 01:49:08 CEST.
Flavor | Version | Tinstall | Tcheck | Ttotal | Status | Flags |
---|---|---|---|---|---|---|
r-devel-linux-x86_64-debian-clang | 2.0 | 1.88 | 20.73 | 22.61 | NOTE | |
r-devel-linux-x86_64-debian-gcc | 2.0 | 1.30 | 16.55 | 17.85 | NOTE | |
r-devel-linux-x86_64-fedora-clang | 2.0 | 36.17 | NOTE | |||
r-devel-linux-x86_64-fedora-gcc | 2.0 | 26.30 | NOTE | |||
r-devel-windows-x86_64 | 2.0 | 3.00 | 37.00 | 40.00 | NOTE | |
r-devel-windows-x86_64-gcc10-UCRT | 2.0 | NOTE | ||||
r-patched-linux-x86_64 | 2.0 | 1.69 | 20.11 | 21.80 | NOTE | |
r-patched-solaris-x86 | 2.0 | 42.30 | NOTE | |||
r-release-linux-x86_64 | 2.0 | 1.53 | 19.89 | 21.42 | NOTE | |
r-release-macos-arm64 | 2.0 | NOTE | ||||
r-release-macos-x86_64 | 2.0 | NOTE | ||||
r-release-windows-ix86+x86_64 | 2.0 | 3.00 | 30.00 | 33.00 | NOTE | |
r-oldrel-macos-x86_64 | 2.0 | OK | ||||
r-oldrel-windows-ix86+x86_64 | 2.0 | 3.00 | 37.00 | 40.00 | OK |
Version: 2.0
Check: LazyData
Result: NOTE
'LazyData' is specified without a 'data' directory
Flavors: r-devel-linux-x86_64-debian-clang, r-devel-linux-x86_64-debian-gcc, r-devel-linux-x86_64-fedora-clang, r-devel-linux-x86_64-fedora-gcc, r-devel-windows-x86_64, r-devel-windows-x86_64-gcc10-UCRT, r-patched-linux-x86_64, r-patched-solaris-x86, r-release-linux-x86_64, r-release-macos-arm64, r-release-macos-x86_64, r-release-windows-ix86+x86_64