CRAN Package Check Results for Package CBDA

Last updated on 2021-07-01 01:49:08 CEST.

Flavor Version Tinstall Tcheck Ttotal Status Flags
r-devel-linux-x86_64-debian-clang 1.0.0 4.78 243.47 248.25 NOTE
r-devel-linux-x86_64-debian-gcc 1.0.0 3.27 201.97 205.24 NOTE
r-devel-linux-x86_64-fedora-clang 1.0.0 332.67 NOTE
r-devel-linux-x86_64-fedora-gcc 1.0.0 326.59 NOTE
r-devel-windows-x86_64 1.0.0 6.00 266.00 272.00 NOTE
r-devel-windows-x86_64-gcc10-UCRT 1.0.0 NOTE
r-patched-linux-x86_64 1.0.0 4.93 242.38 247.31 NOTE
r-patched-solaris-x86 1.0.0 679.80 NOTE
r-release-linux-x86_64 1.0.0 4.88 259.90 264.78 NOTE
r-release-macos-arm64 1.0.0 ERROR
r-release-macos-x86_64 1.0.0 NOTE
r-release-windows-ix86+x86_64 1.0.0 29.00 273.00 302.00 NOTE
r-oldrel-macos-x86_64 1.0.0 NOTE
r-oldrel-windows-ix86+x86_64 1.0.0 10.00 227.00 237.00 OK

Check Details

Version: 1.0.0
Check: LazyData
Result: NOTE
     'LazyData' is specified without a 'data' directory
Flavors: r-devel-linux-x86_64-debian-clang, r-devel-linux-x86_64-debian-gcc, r-devel-linux-x86_64-fedora-clang, r-devel-linux-x86_64-fedora-gcc, r-devel-windows-x86_64, r-devel-windows-x86_64-gcc10-UCRT, r-patched-linux-x86_64, r-patched-solaris-x86, r-release-linux-x86_64, r-release-macos-arm64, r-release-macos-x86_64, r-release-windows-ix86+x86_64

Version: 1.0.0
Check: dependencies in R code
Result: NOTE
    Namespace in Imports field not imported from: ‘prettydoc’
     All declared Imports should be used.
Flavors: r-devel-linux-x86_64-fedora-clang, r-devel-linux-x86_64-fedora-gcc, r-devel-windows-x86_64-gcc10-UCRT, r-patched-solaris-x86, r-release-macos-arm64, r-release-macos-x86_64, r-oldrel-macos-x86_64

Version: 1.0.0
Check: tests
Result: ERROR
     Running ‘CBDA_test_training.R’ [1s/1s]
    Running the tests in ‘tests/CBDA_test_training.R’ failed.
    Complete output:
     > # Attach the CBDA library
     > suppressPackageStartupMessages(library(CBDA))
     > suppressPackageStartupMessages(library(randomForest ))
     > suppressPackageStartupMessages(library(glmnet ))
     > suppressPackageStartupMessages(library(SuperLearner))
     > suppressPackageStartupMessages(library(bartMachine))
Flavor: r-release-macos-arm64