CRAN Package Check Results for Package CHsharp

Last updated on 2021-07-01 01:49:08 CEST.

Flavor Version Tinstall Tcheck Ttotal Status Flags
r-devel-linux-x86_64-debian-clang 0.4 2.94 24.13 27.07 OK
r-devel-linux-x86_64-debian-gcc 0.4 2.26 19.46 21.72 OK
r-devel-linux-x86_64-fedora-clang 0.4 42.91 NOTE
r-devel-linux-x86_64-fedora-gcc 0.4 33.00 NOTE
r-devel-windows-x86_64 0.4 4.00 40.00 44.00 OK
r-devel-windows-x86_64-gcc10-UCRT 0.4 OK
r-patched-linux-x86_64 0.4 2.60 23.73 26.33 OK
r-patched-solaris-x86 0.4 52.00 OK
r-release-linux-x86_64 0.4 2.82 23.62 26.44 OK
r-release-macos-arm64 0.4 OK
r-release-macos-x86_64 0.4 OK
r-release-windows-ix86+x86_64 0.4 7.00 48.00 55.00 OK
r-oldrel-macos-x86_64 0.4 OK
r-oldrel-windows-ix86+x86_64 0.4 8.00 48.00 56.00 OK

Check Details

Version: 0.4
Check: compiled code
Result: NOTE
    File ‘CHsharp/libs/CHsharp.so’:
     Found no calls to: ‘R_registerRoutines’, ‘R_useDynamicSymbols’
    
    It is good practice to register native routines and to disable symbol
    search.
    
    See ‘Writing portable packages’ in the ‘Writing R Extensions’ manual.
Flavors: r-devel-linux-x86_64-fedora-clang, r-devel-linux-x86_64-fedora-gcc