Last updated on 2021-07-01 01:49:08 CEST.
Flavor | Version | Tinstall | Tcheck | Ttotal | Status | Flags |
---|---|---|---|---|---|---|
r-devel-linux-x86_64-debian-clang | 0.1-2 | 2.94 | 30.00 | 32.94 | OK | |
r-devel-linux-x86_64-debian-gcc | 0.1-2 | 2.02 | 22.89 | 24.91 | OK | |
r-devel-linux-x86_64-fedora-clang | 0.1-2 | 46.74 | NOTE | |||
r-devel-linux-x86_64-fedora-gcc | 0.1-2 | 37.31 | OK | |||
r-devel-windows-x86_64 | 0.1-2 | 4.00 | 46.00 | 50.00 | OK | |
r-devel-windows-x86_64-gcc10-UCRT | 0.1-2 | OK | ||||
r-patched-linux-x86_64 | 0.1-2 | 2.92 | 28.29 | 31.21 | OK | |
r-patched-solaris-x86 | 0.1-2 | 57.10 | OK | |||
r-release-linux-x86_64 | 0.1-2 | 2.66 | 28.59 | 31.25 | OK | |
r-release-macos-arm64 | 0.1-2 | OK | ||||
r-release-macos-x86_64 | 0.1-2 | OK | ||||
r-release-windows-ix86+x86_64 | 0.1-2 | 16.00 | 43.00 | 59.00 | OK | |
r-oldrel-macos-x86_64 | 0.1-2 | OK | ||||
r-oldrel-windows-ix86+x86_64 | 0.1-2 | 7.00 | 44.00 | 51.00 | OK |
Version: 0.1-2
Check: Rd cross-references
Result: NOTE
Undeclared package ‘wavethresh’ in Rd xrefs
Flavor: r-devel-linux-x86_64-fedora-clang