Last updated on 2021-07-01 01:49:09 CEST.
Flavor | Version | Tinstall | Tcheck | Ttotal | Status | Flags |
---|---|---|---|---|---|---|
r-devel-linux-x86_64-debian-clang | 0.1.0 | 37.30 | 90.76 | 128.06 | OK | |
r-devel-linux-x86_64-debian-gcc | 0.1.0 | 25.30 | 55.94 | 81.24 | OK | |
r-devel-linux-x86_64-fedora-clang | 0.1.0 | 175.22 | NOTE | |||
r-devel-linux-x86_64-fedora-gcc | 0.1.0 | 137.35 | NOTE | |||
r-devel-windows-x86_64 | 0.1.0 | 35.00 | 101.00 | 136.00 | OK | |
r-devel-windows-x86_64-gcc10-UCRT | 0.1.0 | NOTE | ||||
r-patched-linux-x86_64 | 0.1.0 | 33.07 | 72.36 | 105.43 | OK | |
r-patched-solaris-x86 | 0.1.0 | 198.70 | NOTE | |||
r-release-linux-x86_64 | 0.1.0 | 31.15 | 73.97 | 105.12 | OK | |
r-release-macos-arm64 | 0.1.0 | NOTE | ||||
r-release-macos-x86_64 | 0.1.0 | NOTE | ||||
r-release-windows-ix86+x86_64 | 0.1.0 | 74.00 | 197.00 | 271.00 | OK | |
r-oldrel-macos-x86_64 | 0.1.0 | NOTE | ||||
r-oldrel-windows-ix86+x86_64 | 0.1.0 | 89.00 | 172.00 | 261.00 | OK |
Version: 0.1.0
Check: dependencies in R code
Result: NOTE
Namespaces in Imports field not imported from:
‘Rdpack’ ‘grDevices’
All declared Imports should be used.
Flavors: r-devel-linux-x86_64-fedora-clang, r-devel-linux-x86_64-fedora-gcc, r-devel-windows-x86_64-gcc10-UCRT, r-patched-solaris-x86, r-release-macos-arm64, r-release-macos-x86_64, r-oldrel-macos-x86_64