Last updated on 2021-07-01 01:49:09 CEST.
Flavor | Version | Tinstall | Tcheck | Ttotal | Status | Flags |
---|---|---|---|---|---|---|
r-devel-linux-x86_64-debian-clang | 1.0.0 | 7.98 | 57.58 | 65.56 | OK | |
r-devel-linux-x86_64-debian-gcc | 1.0.0 | 6.30 | 43.42 | 49.72 | OK | |
r-devel-linux-x86_64-fedora-clang | 1.0.0 | 87.55 | NOTE | |||
r-devel-linux-x86_64-fedora-gcc | 1.0.0 | 74.95 | NOTE | |||
r-devel-windows-x86_64 | 1.0.0 | 14.00 | 75.00 | 89.00 | OK | |
r-devel-windows-x86_64-gcc10-UCRT | 1.0.0 | NOTE | ||||
r-patched-linux-x86_64 | 1.0.0 | 7.65 | 53.20 | 60.85 | OK | |
r-patched-solaris-x86 | 1.0.0 | 110.80 | NOTE | |||
r-release-linux-x86_64 | 1.0.0 | 6.87 | 53.58 | 60.45 | OK | |
r-release-macos-arm64 | 1.0.0 | NOTE | ||||
r-release-macos-x86_64 | 1.0.0 | NOTE | ||||
r-release-windows-ix86+x86_64 | 1.0.0 | 33.00 | 79.00 | 112.00 | OK | |
r-oldrel-macos-x86_64 | 1.0.0 | NOTE | ||||
r-oldrel-windows-ix86+x86_64 | 1.0.0 | 18.00 | 64.00 | 82.00 | OK |
Version: 1.0.0
Check: data for non-ASCII characters
Result: NOTE
Note: found 11 marked Latin-1 strings
Note: found 57 marked UTF-8 strings
Flavors: r-devel-linux-x86_64-fedora-clang, r-devel-linux-x86_64-fedora-gcc, r-devel-windows-x86_64-gcc10-UCRT, r-patched-solaris-x86, r-release-macos-arm64, r-release-macos-x86_64, r-oldrel-macos-x86_64