CRAN Package Check Results for Package CSIndicators

Last updated on 2021-07-01 01:49:09 CEST.

Flavor Version Tinstall Tcheck Ttotal Status Flags
r-devel-linux-x86_64-debian-clang 0.0.1 10.44 184.51 194.95 OK
r-devel-linux-x86_64-debian-gcc 0.0.1 8.15 135.10 143.25 OK
r-devel-linux-x86_64-fedora-clang 0.0.1 224.02 OK
r-devel-linux-x86_64-fedora-gcc 0.0.1 223.68 OK
r-devel-windows-x86_64 0.0.1 18.00 225.00 243.00 OK
r-devel-windows-x86_64-gcc10-UCRT 0.0.1 OK
r-patched-linux-x86_64 0.0.1 9.50 169.35 178.85 OK
r-patched-solaris-x86 0.0.1 272.30 OK
r-release-linux-x86_64 0.0.1 10.41 170.22 180.63 OK
r-release-macos-arm64 0.0.1 OK
r-release-macos-x86_64 0.0.1 ERROR
r-release-windows-ix86+x86_64 0.0.1 25.00 234.00 259.00 OK
r-oldrel-macos-x86_64 0.0.1 ERROR
r-oldrel-windows-ix86+x86_64 0.0.1 24.00 181.00 205.00 OK

Check Details

Version: 0.0.1
Check: tests
Result: ERROR
     Running ‘testthat.R’ [27s/32s]
    Running the tests in ‘tests/testthat.R’ failed.
    Last 13 lines of output:
     SelectPeriodOnDates(...) not equal to `output5`.
     Lengths differ: 92 is not 300
     ── Error (test-SelectPeriod.R:124:3): Decadal ──────────────────────────────────
     Error: Found one or more margin dimensions with the same name and different length in some of the input objects in 'data'.
     Backtrace:
     █
     1. ├─testthat::expect_equal(...) test-SelectPeriod.R:124:2
     2. │ └─testthat::quasi_label(enquo(object), label, arg = "object")
     3. │ └─rlang::eval_bare(expr, quo_get_env(quo))
     4. └─CSIndicators::SelectPeriodOnData(...)
     5. └─multiApply::Apply(...)
    
     [ FAIL 2 | WARN 28 | SKIP 0 | PASS 144 ]
     Error: Test failures
     Execution halted
Flavor: r-release-macos-x86_64

Version: 0.0.1
Check: tests
Result: ERROR
     Running ‘testthat.R’ [22s/22s]
    Running the tests in ‘tests/testthat.R’ failed.
    Last 13 lines of output:
     SelectPeriodOnDates(...) not equal to `output5`.
     Lengths differ: 92 is not 300
     ── Error (test-SelectPeriod.R:124:3): Decadal ──────────────────────────────────
     Error: Found one or more margin dimensions with the same name and different length in some of the input objects in 'data'.
     Backtrace:
     █
     1. ├─testthat::expect_equal(...) test-SelectPeriod.R:124:2
     2. │ └─testthat::quasi_label(enquo(object), label, arg = "object")
     3. │ └─rlang::eval_bare(expr, quo_get_env(quo))
     4. └─CSIndicators::SelectPeriodOnData(...)
     5. └─multiApply::Apply(...)
    
     [ FAIL 2 | WARN 36 | SKIP 0 | PASS 144 ]
     Error: Test failures
     Execution halted
Flavor: r-oldrel-macos-x86_64