Last updated on 2021-07-01 01:49:09 CEST.
Flavor | Version | Tinstall | Tcheck | Ttotal | Status | Flags |
---|---|---|---|---|---|---|
r-devel-linux-x86_64-debian-clang | 1.0.2 | 5.21 | 35.35 | 40.56 | OK | |
r-devel-linux-x86_64-debian-gcc | 1.0.2 | 4.71 | 27.21 | 31.92 | OK | |
r-devel-linux-x86_64-fedora-clang | 1.0.2 | 57.11 | OK | |||
r-devel-linux-x86_64-fedora-gcc | 1.0.2 | 47.73 | OK | |||
r-devel-windows-x86_64 | 1.0.2 | 8.00 | 53.00 | 61.00 | OK | |
r-devel-windows-x86_64-gcc10-UCRT | 1.0.2 | OK | ||||
r-patched-linux-x86_64 | 1.0.2 | 6.17 | 33.53 | 39.70 | OK | |
r-patched-solaris-x86 | 1.0.2 | 63.50 | OK | |||
r-release-linux-x86_64 | 1.0.2 | 5.14 | 33.60 | 38.74 | OK | |
r-release-macos-arm64 | 1.0.2 | NOTE | ||||
r-release-macos-x86_64 | 1.0.2 | OK | ||||
r-release-windows-ix86+x86_64 | 1.0.2 | 7.00 | 41.00 | 48.00 | OK | |
r-oldrel-macos-x86_64 | 1.0.2 | OK | ||||
r-oldrel-windows-ix86+x86_64 | 1.0.2 | 9.00 | 51.00 | 60.00 | OK |
Version: 1.0.2
Check: package dependencies
Result: NOTE
Package which this enhances but not available for checking: ‘RGtk2’
Flavor: r-release-macos-arm64