Last updated on 2021-07-01 01:49:08 CEST.
Flavor | Version | Tinstall | Tcheck | Ttotal | Status | Flags |
---|---|---|---|---|---|---|
r-devel-linux-x86_64-debian-clang | 1.5-12.2 | 8.92 | 26.46 | 35.38 | NOTE | |
r-devel-linux-x86_64-debian-gcc | 1.5-12.2 | 5.26 | 20.98 | 26.24 | NOTE | |
r-devel-linux-x86_64-fedora-clang | 1.5-12.2 | 51.93 | NOTE | |||
r-devel-linux-x86_64-fedora-gcc | 1.5-12.2 | 41.42 | NOTE | |||
r-devel-windows-x86_64 | 1.5-12.2 | 16.00 | 42.00 | 58.00 | WARN | |
r-devel-windows-x86_64-gcc10-UCRT | 1.5-12.2 | WARN | ||||
r-patched-linux-x86_64 | 1.5-12.2 | 6.54 | 25.72 | 32.26 | NOTE | |
r-patched-solaris-x86 | 1.5-12.2 | 60.40 | NOTE | |||
r-release-linux-x86_64 | 1.5-12.2 | 6.68 | 25.88 | 32.56 | NOTE | |
r-release-macos-arm64 | 1.5-12.2 | NOTE | ||||
r-release-macos-x86_64 | 1.5-12.2 | NOTE | ||||
r-release-windows-ix86+x86_64 | 1.5-12.2 | 23.00 | 37.00 | 60.00 | WARN | |
r-oldrel-macos-x86_64 | 1.5-12.2 | NOTE | ||||
r-oldrel-windows-ix86+x86_64 | 1.5-12.2 | 29.00 | 74.00 | 103.00 | WARN |
Version: 1.5-12.2
Check: compiled code
Result: NOTE
File 'Cairo/libs/Cairo.so':
Found non-API calls to R: 'R_InputHandlers', 'addInputHandler'
Compiled code should not call non-API entry points in R.
See 'Writing portable packages' in the 'Writing R Extensions' manual.
Flavors: r-devel-linux-x86_64-debian-clang, r-devel-linux-x86_64-debian-gcc, r-devel-linux-x86_64-fedora-clang, r-devel-linux-x86_64-fedora-gcc, r-patched-linux-x86_64, r-patched-solaris-x86, r-release-linux-x86_64, r-release-macos-arm64, r-release-macos-x86_64, r-oldrel-macos-x86_64
Version: 1.5-12.2
Check: whether package can be installed
Result: WARN
Found the following significant warnings:
w32-backend.c:24:5: warning: initialization of 'char **' from incompatible pointer type 'const char **' [-Wincompatible-pointer-types]
Flavors: r-devel-windows-x86_64, r-devel-windows-x86_64-gcc10-UCRT, r-release-windows-ix86+x86_64, r-oldrel-windows-ix86+x86_64
Version: 1.5-12.2
Check: package dependencies
Result: NOTE
Package which this enhances but not available for checking: ‘FastRWeb’
Flavor: r-patched-solaris-x86
Version: 1.5-12.2
Check: installed package size
Result: NOTE
installed size is 32.1Mb
sub-directories of 1Mb or more:
libs 32.0Mb
Flavors: r-release-macos-arm64, r-release-macos-x86_64, r-oldrel-macos-x86_64