CRAN Package Check Results for Package CoOL

Last updated on 2021-07-01 01:49:09 CEST.

Flavor Version Tinstall Tcheck Ttotal Status Flags
r-devel-linux-x86_64-debian-clang 1.0.1 52.14 149.83 201.97 NOTE
r-devel-linux-x86_64-debian-gcc 1.0.1 35.06 113.33 148.39 NOTE
r-devel-linux-x86_64-fedora-clang 1.0.2 258.29 OK
r-devel-linux-x86_64-fedora-gcc 1.0.2 238.87 OK
r-devel-windows-x86_64 1.0.1 65.00 153.00 218.00 NOTE
r-devel-windows-x86_64-gcc10-UCRT 1.0.1 NOTE
r-patched-linux-x86_64 1.0.1 39.48 139.51 178.99 NOTE
r-patched-solaris-x86 1.0.2 313.10 OK
r-release-linux-x86_64 1.0.1 40.97 140.05 181.02 NOTE
r-release-macos-arm64 1.0.1 NOTE
r-release-macos-x86_64 1.0.1 NOTE
r-release-windows-ix86+x86_64 1.0.1 108.00 226.00 334.00 NOTE
r-oldrel-macos-x86_64 1.0.1 NOTE
r-oldrel-windows-ix86+x86_64 1.0.1 114.00 200.00 314.00 OK

Check Details

Version: 1.0.1
Check: LazyData
Result: NOTE
     'LazyData' is specified without a 'data' directory
Flavors: r-devel-linux-x86_64-debian-clang, r-devel-linux-x86_64-debian-gcc, r-devel-windows-x86_64, r-devel-windows-x86_64-gcc10-UCRT, r-patched-linux-x86_64, r-release-linux-x86_64, r-release-macos-arm64, r-release-macos-x86_64, r-release-windows-ix86+x86_64

Version: 1.0.1
Check: package dependencies
Result: NOTE
    Package suggested but not available for checking: ‘ggtree’
Flavors: r-release-macos-arm64, r-release-macos-x86_64, r-oldrel-macos-x86_64