Last updated on 2021-07-01 01:49:08 CEST.
Flavor | Version | Tinstall | Tcheck | Ttotal | Status | Flags |
---|---|---|---|---|---|---|
r-devel-linux-x86_64-debian-clang | 0.6.5 | 11.62 | 86.40 | 98.02 | NOTE | |
r-devel-linux-x86_64-debian-gcc | 0.6.5 | 10.42 | 65.94 | 76.36 | NOTE | |
r-devel-linux-x86_64-fedora-clang | 0.6.5 | 125.30 | NOTE | |||
r-devel-linux-x86_64-fedora-gcc | 0.6.5 | 116.99 | NOTE | |||
r-devel-windows-x86_64 | 0.6.5 | 16.00 | 106.00 | 122.00 | OK | |
r-devel-windows-x86_64-gcc10-UCRT | 0.6.5 | OK | ||||
r-patched-linux-x86_64 | 0.6.5 | 11.00 | 81.64 | 92.64 | NOTE | |
r-patched-solaris-x86 | 0.6.5 | 166.90 | NOTE | |||
r-release-linux-x86_64 | 0.6.5 | 9.89 | 82.08 | 91.97 | NOTE | |
r-release-macos-arm64 | 0.6.5 | ERROR | ||||
r-release-macos-x86_64 | 0.6.5 | OK | ||||
r-release-windows-ix86+x86_64 | 0.6.5 | 21.00 | 104.00 | 125.00 | OK | |
r-oldrel-macos-x86_64 | 0.6.5 | OK | ||||
r-oldrel-windows-ix86+x86_64 | 0.6.5 | 25.00 | 112.00 | 137.00 | OK |
Version: 0.6.5
Check: for non-standard things in the check directory
Result: NOTE
Found the following files/directories:
'foo.R' 'foo.html'
Flavors: r-devel-linux-x86_64-debian-clang, r-devel-linux-x86_64-debian-gcc, r-devel-linux-x86_64-fedora-clang, r-devel-linux-x86_64-fedora-gcc, r-patched-linux-x86_64, r-patched-solaris-x86, r-release-linux-x86_64
Version: 0.6.5
Check: package dependencies
Result: NOTE
Package suggested but not available for checking: ‘Rgraphviz’
Flavor: r-release-macos-arm64
Version: 0.6.5
Check: tests
Result: ERROR
Running ‘draw.R’ [1s/1s]
Running the tests in ‘tests/draw.R’ failed.
Complete output:
> library(CodeDepends)
> library(Rgraphviz)
Error in library(Rgraphviz) : there is no package called 'Rgraphviz'
Execution halted
Flavor: r-release-macos-arm64