CRAN Package Check Results for Package CommonJavaJars

Last updated on 2021-07-01 01:49:08 CEST.

Flavor Version Tinstall Tcheck Ttotal Status Flags
r-devel-linux-x86_64-debian-clang 1.0-6 2.11 26.44 28.55 OK
r-devel-linux-x86_64-debian-gcc 1.0-6 1.77 21.16 22.93 OK
r-devel-linux-x86_64-fedora-clang 1.0-6 43.30 OK
r-devel-linux-x86_64-fedora-gcc 1.0-6 33.44 OK
r-devel-windows-x86_64 1.0-6 6.00 47.00 53.00 OK
r-devel-windows-x86_64-gcc10-UCRT 1.0-6 OK
r-patched-linux-x86_64 1.0-6 2.35 25.70 28.05 OK
r-patched-solaris-x86 1.0-6 57.40 NOTE
r-release-linux-x86_64 1.0-6 1.72 25.56 27.28 OK
r-release-macos-arm64 1.0-6 OK
r-release-macos-x86_64 1.0-6 OK
r-release-windows-ix86+x86_64 1.0-6 5.00 43.00 48.00 OK
r-oldrel-macos-x86_64 1.0-6 OK
r-oldrel-windows-ix86+x86_64 1.0-6 5.00 48.00 53.00 OK

Check Details

Version: 1.0-6
Check: installed package size
Result: NOTE
     installed size is 5.4Mb
     sub-directories of 1Mb or more:
     java 5.2Mb
Flavor: r-patched-solaris-x86