CRAN Package Check Results for Package ConsReg

Last updated on 2021-07-01 01:49:09 CEST.

Flavor Version Tinstall Tcheck Ttotal Status Flags
r-devel-linux-x86_64-debian-clang 0.1.0 5.85 51.83 57.68 OK
r-devel-linux-x86_64-debian-gcc 0.1.0 4.07 39.62 43.69 OK
r-devel-linux-x86_64-fedora-clang 0.1.0 75.99 NOTE
r-devel-linux-x86_64-fedora-gcc 0.1.0 65.72 NOTE
r-devel-windows-x86_64 0.1.0 27.00 68.00 95.00 OK
r-devel-windows-x86_64-gcc10-UCRT 0.1.0 OK
r-patched-linux-x86_64 0.1.0 4.49 49.63 54.12 OK
r-patched-solaris-x86 0.1.0 100.60 OK
r-release-linux-x86_64 0.1.0 3.56 49.30 52.86 OK
r-release-macos-arm64 0.1.0 OK
r-release-macos-x86_64 0.1.0 OK
r-release-windows-ix86+x86_64 0.1.0 13.00 105.00 118.00 OK
r-oldrel-macos-x86_64 0.1.0 OK
r-oldrel-windows-ix86+x86_64 0.1.0 13.00 83.00 96.00 OK

Check Details

Version: 0.1.0
Check: compiled code
Result: NOTE
    File ‘ConsReg/libs/ConsReg.so’:
     Found no calls to: ‘R_registerRoutines’, ‘R_useDynamicSymbols’
    
    It is good practice to register native routines and to disable symbol
    search.
    
    See ‘Writing portable packages’ in the ‘Writing R Extensions’ manual.
Flavors: r-devel-linux-x86_64-fedora-clang, r-devel-linux-x86_64-fedora-gcc