Last updated on 2021-07-01 01:49:09 CEST.
Flavor | Version | Tinstall | Tcheck | Ttotal | Status | Flags |
---|---|---|---|---|---|---|
r-devel-linux-x86_64-debian-clang | 0.6-1 | 14.11 | 114.55 | 128.66 | OK | |
r-devel-linux-x86_64-debian-gcc | 0.6-1 | 10.00 | 79.94 | 89.94 | OK | |
r-devel-linux-x86_64-fedora-clang | 0.6-1 | 153.48 | OK | |||
r-devel-linux-x86_64-fedora-gcc | 0.6-1 | 135.29 | OK | |||
r-devel-windows-x86_64 | 0.6-1 | 15.00 | 139.00 | 154.00 | OK | |
r-devel-windows-x86_64-gcc10-UCRT | 0.6-1 | OK | ||||
r-patched-linux-x86_64 | 0.6-1 | 11.89 | 100.06 | 111.95 | OK | |
r-patched-solaris-x86 | 0.6-1 | 197.80 | OK | |||
r-release-linux-x86_64 | 0.6-1 | 11.99 | 100.20 | 112.19 | OK | |
r-release-macos-arm64 | 0.6-1 | NOTE | ||||
r-release-macos-x86_64 | 0.6-1 | OK | ||||
r-release-windows-ix86+x86_64 | 0.6-1 | 38.00 | 158.00 | 196.00 | OK | |
r-oldrel-macos-x86_64 | 0.6-1 | OK | ||||
r-oldrel-windows-ix86+x86_64 | 0.6-1 | 29.00 | 144.00 | 173.00 | OK |
Version: 0.6-1
Check: package dependencies
Result: NOTE
Package suggested but not available for checking: ‘BiocParallel’
Flavor: r-release-macos-arm64