CRAN Package Check Results for Package DAMisc

Last updated on 2021-07-01 01:49:09 CEST.

Flavor Version Tinstall Tcheck Ttotal Status Flags
r-devel-linux-x86_64-debian-clang 1.6.2 36.50 323.85 360.35 OK
r-devel-linux-x86_64-debian-gcc 1.6.2 28.79 240.94 269.73 OK
r-devel-linux-x86_64-fedora-clang 1.6.2 457.89 NOTE
r-devel-linux-x86_64-fedora-gcc 1.6.2 417.97 NOTE
r-devel-windows-x86_64 1.6.2 69.00 327.00 396.00 OK
r-devel-windows-x86_64-gcc10-UCRT 1.6.2 NOTE
r-patched-linux-x86_64 1.6.2 36.77 301.72 338.49 OK
r-patched-solaris-x86 1.6.2 573.70 NOTE
r-release-linux-x86_64 1.6.2 35.98 302.72 338.70 OK
r-release-macos-arm64 1.6.2 NOTE
r-release-macos-x86_64 1.6.2 NOTE
r-release-windows-ix86+x86_64 1.6.2 81.00 378.00 459.00 OK
r-oldrel-macos-x86_64 1.6.2 NOTE
r-oldrel-windows-ix86+x86_64 1.6.2 54.00 317.00 371.00 OK

Check Details

Version: 1.6.2
Check: package dependencies
Result: NOTE
    Imports includes 27 non-default packages.
    Importing from so many packages makes the package vulnerable to any of
    them becoming unavailable. Move as many as possible to Suggests and
    use conditionally.
Flavor: r-devel-linux-x86_64-fedora-clang

Version: 1.6.2
Check: dependencies in R code
Result: NOTE
    Namespace in Imports field not imported from: ‘gamlss’
     All declared Imports should be used.
Flavors: r-devel-linux-x86_64-fedora-clang, r-devel-linux-x86_64-fedora-gcc, r-devel-windows-x86_64-gcc10-UCRT, r-patched-solaris-x86, r-release-macos-arm64, r-release-macos-x86_64, r-oldrel-macos-x86_64