CRAN Package Check Results for Package DEoptimR

Last updated on 2021-07-01 01:49:10 CEST.

Flavor Version Tinstall Tcheck Ttotal Status Flags
r-devel-linux-x86_64-debian-clang 1.0-9 2.12 35.72 37.84 OK
r-devel-linux-x86_64-debian-gcc 1.0-9 1.62 27.06 28.68 OK
r-devel-linux-x86_64-fedora-clang 1.0-9 53.12 NOTE
r-devel-linux-x86_64-fedora-gcc 1.0-9 43.92 OK
r-devel-windows-x86_64 1.0-9 5.00 53.00 58.00 OK
r-devel-windows-x86_64-gcc10-UCRT 1.0-9 OK
r-patched-linux-x86_64 1.0-9 2.03 34.04 36.07 OK
r-patched-solaris-x86 1.0-9 64.30 OK
r-release-linux-x86_64 1.0-9 1.74 34.03 35.77 OK
r-release-macos-arm64 1.0-9 OK
r-release-macos-x86_64 1.0-9 OK
r-release-windows-ix86+x86_64 1.0-9 3.00 38.00 41.00 OK
r-oldrel-macos-x86_64 1.0-9 OK
r-oldrel-windows-ix86+x86_64 1.0-9 3.00 41.00 44.00 OK

Check Details

Version: 1.0-9
Check: Rd cross-references
Result: NOTE
    Undeclared package ‘DEoptim’ in Rd xrefs
Flavor: r-devel-linux-x86_64-fedora-clang