Last updated on 2021-07-01 01:49:10 CEST.
Flavor | Version | Tinstall | Tcheck | Ttotal | Status | Flags |
---|---|---|---|---|---|---|
r-devel-linux-x86_64-debian-clang | 1.0.2 | 28.26 | 273.76 | 302.02 | OK | |
r-devel-linux-x86_64-debian-gcc | 1.0.2 | 23.85 | 203.95 | 227.80 | OK | |
r-devel-linux-x86_64-fedora-clang | 1.0.2 | 368.04 | OK | |||
r-devel-linux-x86_64-fedora-gcc | 1.0.2 | 356.01 | OK | |||
r-devel-windows-x86_64 | 1.0.2 | 26.00 | 258.00 | 284.00 | NOTE | |
r-devel-windows-x86_64-gcc10-UCRT | 1.0.2 | NOTE | ||||
r-patched-linux-x86_64 | 1.0.2 | 28.36 | 255.35 | 283.71 | OK | |
r-patched-solaris-x86 | 1.0.2 | 504.90 | OK | |||
r-release-linux-x86_64 | 1.0.2 | 26.78 | 258.75 | 285.53 | OK | |
r-release-macos-arm64 | 1.0.2 | ERROR | ||||
r-release-macos-x86_64 | 1.0.2 | ERROR | ||||
r-release-windows-ix86+x86_64 | 1.0.2 | 64.00 | 284.00 | 348.00 | NOTE | |
r-oldrel-macos-x86_64 | 1.0.2 | OK | ||||
r-oldrel-windows-ix86+x86_64 | 1.0.2 | 54.00 | 215.00 | 269.00 | NOTE |
Version: 1.0.2
Check: package dependencies
Result: NOTE
Package suggested but not available for checking: 'doMC'
Flavors: r-devel-windows-x86_64, r-devel-windows-x86_64-gcc10-UCRT, r-release-windows-ix86+x86_64, r-oldrel-windows-ix86+x86_64
Version: 1.0.2
Check: package dependencies
Result: ERROR
Package required but not available: ‘WGCNA’
Packages suggested but not available for checking:
'GOstats', 'org.Hs.eg.db'
See section ‘The DESCRIPTION file’ in the ‘Writing R Extensions’
manual.
Flavor: r-release-macos-arm64
Version: 1.0.2
Check: package dependencies
Result: ERROR
Package required but not available: ‘WGCNA’
Package suggested but not available for checking: ‘org.Hs.eg.db’
See section ‘The DESCRIPTION file’ in the ‘Writing R Extensions’
manual.
Flavor: r-release-macos-x86_64