Last updated on 2021-07-01 01:49:10 CEST.
Flavor | Version | Tinstall | Tcheck | Ttotal | Status | Flags |
---|---|---|---|---|---|---|
r-devel-linux-x86_64-debian-clang | 1.0.3 | 35.71 | 338.47 | 374.18 | OK | |
r-devel-linux-x86_64-debian-gcc | 1.0.3 | 34.10 | 253.51 | 287.61 | OK | |
r-devel-linux-x86_64-fedora-clang | 1.0.3 | 470.11 | NOTE | |||
r-devel-linux-x86_64-fedora-gcc | 1.0.3 | 454.97 | NOTE | |||
r-devel-windows-x86_64 | 1.0.3 | 54.00 | 333.00 | 387.00 | OK | |
r-devel-windows-x86_64-gcc10-UCRT | 1.0.3 | NOTE | ||||
r-patched-linux-x86_64 | 1.0.3 | 34.17 | 318.56 | 352.73 | OK | |
r-patched-solaris-x86 | 1.0.3 | 5.20 | ERROR | |||
r-release-linux-x86_64 | 1.0.3 | 33.35 | 323.51 | 356.86 | OK | |
r-release-macos-arm64 | 1.0.3 | ERROR | ||||
r-release-macos-x86_64 | 1.0.3 | ERROR | ||||
r-release-windows-ix86+x86_64 | 1.0.3 | 84.00 | 381.00 | 465.00 | OK | |
r-oldrel-macos-x86_64 | 1.0.3 | ERROR | ||||
r-oldrel-windows-ix86+x86_64 | 1.0.3 | 77.00 | 291.00 | 368.00 | OK |
Version: 1.0.3
Check: dependencies in R code
Result: NOTE
Namespaces in Imports field not imported from:
‘statmod’ ‘tidyr’
All declared Imports should be used.
Flavors: r-devel-linux-x86_64-fedora-clang, r-devel-linux-x86_64-fedora-gcc, r-devel-windows-x86_64-gcc10-UCRT
Version: 1.0.3
Check: package dependencies
Result: ERROR
Package required but not available: ‘IHW’
See section ‘The DESCRIPTION file’ in the ‘Writing R Extensions’
manual.
Flavor: r-patched-solaris-x86
Version: 1.0.3
Check: package dependencies
Result: ERROR
Packages required but not available:
'DGEobj', 'edgeR', 'IHW', 'qvalue', 'RNASeqPower', 'sva', 'zFPKM'
Package suggested but not available for checking: ‘biomaRt’
See section ‘The DESCRIPTION file’ in the ‘Writing R Extensions’
manual.
Flavor: r-release-macos-arm64
Version: 1.0.3
Check: package dependencies
Result: ERROR
Packages required but not available: 'IHW', 'RNASeqPower', 'zFPKM'
See section ‘The DESCRIPTION file’ in the ‘Writing R Extensions’
manual.
Flavors: r-release-macos-x86_64, r-oldrel-macos-x86_64