Last updated on 2021-07-01 01:49:10 CEST.
Flavor | Version | Tinstall | Tcheck | Ttotal | Status | Flags |
---|---|---|---|---|---|---|
r-devel-linux-x86_64-debian-clang | 0.0.4 | 9.34 | 274.59 | 283.93 | NOTE | |
r-devel-linux-x86_64-debian-gcc | 0.0.4 | 7.32 | 201.28 | 208.60 | NOTE | |
r-devel-linux-x86_64-fedora-clang | 0.0.4 | 318.71 | NOTE | |||
r-devel-linux-x86_64-fedora-gcc | 0.0.4 | 319.63 | NOTE | |||
r-devel-windows-x86_64 | 0.0.4 | 10.00 | 308.00 | 318.00 | NOTE | |
r-devel-windows-x86_64-gcc10-UCRT | 0.0.4 | NOTE | ||||
r-patched-linux-x86_64 | 0.0.4 | 9.25 | 261.53 | 270.78 | NOTE | |
r-patched-solaris-x86 | 0.0.4 | 410.80 | NOTE | |||
r-release-linux-x86_64 | 0.0.4 | 8.14 | 256.58 | 264.72 | NOTE | |
r-release-macos-arm64 | 0.0.4 | NOTE | ||||
r-release-macos-x86_64 | 0.0.4 | NOTE | ||||
r-release-windows-ix86+x86_64 | 0.0.4 | 15.00 | 291.00 | 306.00 | NOTE | |
r-oldrel-macos-x86_64 | 0.0.4 | OK | ||||
r-oldrel-windows-ix86+x86_64 | 0.0.4 | 20.00 | 308.00 | 328.00 | OK |
Version: 0.0.4
Check: LazyData
Result: NOTE
'LazyData' is specified without a 'data' directory
Flavors: r-devel-linux-x86_64-debian-clang, r-devel-linux-x86_64-debian-gcc, r-devel-linux-x86_64-fedora-clang, r-devel-linux-x86_64-fedora-gcc, r-devel-windows-x86_64, r-devel-windows-x86_64-gcc10-UCRT, r-patched-linux-x86_64, r-patched-solaris-x86, r-release-linux-x86_64, r-release-macos-arm64, r-release-macos-x86_64, r-release-windows-ix86+x86_64