Last updated on 2021-07-01 01:49:10 CEST.
Flavor | Version | Tinstall | Tcheck | Ttotal | Status | Flags |
---|---|---|---|---|---|---|
r-devel-linux-x86_64-debian-clang | 1.5.1 | 59.56 | 99.98 | 159.54 | OK | |
r-devel-linux-x86_64-debian-gcc | 1.5.1 | 44.53 | 75.79 | 120.32 | OK | |
r-devel-linux-x86_64-fedora-clang | 1.5.1 | 218.76 | NOTE | |||
r-devel-linux-x86_64-fedora-gcc | 1.5.1 | 199.33 | OK | |||
r-devel-windows-x86_64 | 1.5.1 | 62.00 | 134.00 | 196.00 | OK | |
r-devel-windows-x86_64-gcc10-UCRT | 1.5.1 | OK | ||||
r-patched-linux-x86_64 | 1.5.1 | 55.42 | 93.61 | 149.03 | OK | |
r-patched-solaris-x86 | 1.5.1 | 243.50 | OK | |||
r-release-linux-x86_64 | 1.5.1 | 50.17 | 94.97 | 145.14 | OK | |
r-release-macos-arm64 | 1.5.1 | NOTE | ||||
r-release-macos-x86_64 | 1.5.1 | NOTE | ||||
r-release-windows-ix86+x86_64 | 1.5.1 | 133.00 | 156.00 | 289.00 | NOTE | |
r-oldrel-macos-x86_64 | 1.5.1 | NOTE | ||||
r-oldrel-windows-ix86+x86_64 | 1.5.1 | 142.00 | 148.00 | 290.00 | NOTE |
Version: 1.5.1
Check: installed package size
Result: NOTE
installed size is 5.9Mb
sub-directories of 1Mb or more:
data 2.8Mb
libs 2.9Mb
Flavors: r-devel-linux-x86_64-fedora-clang, r-release-macos-arm64, r-release-macos-x86_64, r-release-windows-ix86+x86_64, r-oldrel-macos-x86_64, r-oldrel-windows-ix86+x86_64