Last updated on 2021-07-01 01:49:10 CEST.
Flavor | Version | Tinstall | Tcheck | Ttotal | Status | Flags |
---|---|---|---|---|---|---|
r-devel-linux-x86_64-debian-clang | 0.26.0 | 8.06 | 201.70 | 209.76 | NOTE | |
r-devel-linux-x86_64-debian-gcc | 0.26.0 | 5.84 | 149.48 | 155.32 | NOTE | |
r-devel-linux-x86_64-fedora-clang | 0.26.0 | 256.39 | NOTE | |||
r-devel-linux-x86_64-fedora-gcc | 0.26.0 | 238.80 | NOTE | |||
r-devel-windows-x86_64 | 0.26.0 | 11.00 | 206.00 | 217.00 | NOTE | |
r-devel-windows-x86_64-gcc10-UCRT | 0.26.0 | NOTE | ||||
r-patched-linux-x86_64 | 0.26.0 | 9.07 | 189.30 | 198.37 | NOTE | |
r-patched-solaris-x86 | 0.26.0 | 315.60 | NOTE | |||
r-release-linux-x86_64 | 0.26.0 | 6.09 | 189.53 | 195.62 | NOTE | |
r-release-macos-arm64 | 0.26.0 | NOTE | ||||
r-release-macos-x86_64 | 0.26.0 | NOTE | ||||
r-release-windows-ix86+x86_64 | 0.26.0 | 30.00 | 235.00 | 265.00 | NOTE | |
r-oldrel-macos-x86_64 | 0.26.0 | OK | ||||
r-oldrel-windows-ix86+x86_64 | 0.26.0 | 21.00 | 191.00 | 212.00 | OK |
Version: 0.26.0
Check: LazyData
Result: NOTE
'LazyData' is specified without a 'data' directory
Flavors: r-devel-linux-x86_64-debian-clang, r-devel-linux-x86_64-debian-gcc, r-devel-linux-x86_64-fedora-clang, r-devel-linux-x86_64-fedora-gcc, r-devel-windows-x86_64, r-devel-windows-x86_64-gcc10-UCRT, r-patched-linux-x86_64, r-patched-solaris-x86, r-release-linux-x86_64, r-release-macos-arm64, r-release-macos-x86_64, r-release-windows-ix86+x86_64
Version: 0.26.0
Check: Rd cross-references
Result: NOTE
Undeclared package ‘future’ in Rd xrefs
Flavor: r-devel-linux-x86_64-fedora-clang
Version: 0.26.0
Check: package dependencies
Result: NOTE
Package suggested but not available for checking: ‘sf’
Flavor: r-release-macos-arm64