Last updated on 2021-07-01 01:49:10 CEST.
Flavor | Version | Tinstall | Tcheck | Ttotal | Status | Flags |
---|---|---|---|---|---|---|
r-devel-linux-x86_64-debian-clang | 0.1.3 | 3.43 | 40.05 | 43.48 | OK | |
r-devel-linux-x86_64-debian-gcc | 0.1.3 | 3.19 | 31.15 | 34.34 | OK | |
r-devel-linux-x86_64-fedora-clang | 0.1.3 | 61.34 | OK | |||
r-devel-linux-x86_64-fedora-gcc | 0.1.3 | 51.06 | OK | |||
r-devel-windows-x86_64 | 0.1.3 | 5.00 | 59.00 | 64.00 | OK | |
r-devel-windows-x86_64-gcc10-UCRT | 0.1.3 | OK | ||||
r-patched-linux-x86_64 | 0.1.3 | 3.91 | 38.81 | 42.72 | OK | |
r-patched-solaris-x86 | 0.1.3 | 77.40 | OK | |||
r-release-linux-x86_64 | 0.1.3 | 3.59 | 38.29 | 41.88 | OK | |
r-release-macos-arm64 | 0.1.1 | NOTE | ||||
r-release-macos-x86_64 | 0.1.3 | OK | ||||
r-release-windows-ix86+x86_64 | 0.1.3 | 8.00 | 55.00 | 63.00 | OK | |
r-oldrel-macos-x86_64 | 0.1.3 | OK | ||||
r-oldrel-windows-ix86+x86_64 | 0.1.3 | 9.00 | 50.00 | 59.00 | OK |
Version: 0.1.1
Check: dependencies in R code
Result: NOTE
Namespace in Imports field not imported from: ‘Rdpack’
All declared Imports should be used.
Flavor: r-release-macos-arm64
Version: 0.1.1
Check: LazyData
Result: NOTE
'LazyData' is specified without a 'data' directory
Flavor: r-release-macos-arm64