CRAN Package Check Results for Package ECOSolveR

Last updated on 2021-07-01 01:49:11 CEST.

Flavor Version Tinstall Tcheck Ttotal Status Flags
r-devel-linux-x86_64-debian-clang 0.5.4 16.84 37.86 54.70 NOTE
r-devel-linux-x86_64-debian-gcc 0.5.4 9.93 29.29 39.22 NOTE
r-devel-linux-x86_64-fedora-clang 0.5.4 76.58 NOTE
r-devel-linux-x86_64-fedora-gcc 0.5.4 63.26 NOTE
r-devel-windows-x86_64 0.5.4 31.00 65.00 96.00 NOTE
r-devel-windows-x86_64-gcc10-UCRT 0.5.4 NOTE
r-patched-linux-x86_64 0.5.4 12.45 36.53 48.98 NOTE
r-patched-solaris-x86 0.5.4 100.40 NOTE
r-release-linux-x86_64 0.5.4 12.02 36.75 48.77 NOTE
r-release-macos-arm64 0.5.4 NOTE
r-release-macos-x86_64 0.5.4 NOTE
r-release-windows-ix86+x86_64 0.5.4 52.00 70.00 122.00 NOTE
r-oldrel-macos-x86_64 0.5.4 NOTE
r-oldrel-windows-ix86+x86_64 0.5.4 67.00 75.00 142.00 NOTE

Check Details

Version: 0.5.4
Check: for GNU extensions in Makefiles
Result: NOTE
    GNU make is a SystemRequirements.
Flavors: r-devel-linux-x86_64-debian-clang, r-devel-linux-x86_64-debian-gcc, r-devel-linux-x86_64-fedora-clang, r-devel-linux-x86_64-fedora-gcc, r-devel-windows-x86_64, r-devel-windows-x86_64-gcc10-UCRT, r-patched-linux-x86_64, r-patched-solaris-x86, r-release-linux-x86_64, r-release-macos-arm64, r-release-macos-x86_64, r-release-windows-ix86+x86_64, r-oldrel-macos-x86_64, r-oldrel-windows-ix86+x86_64