CRAN Package Check Results for Package EdSurvey

Last updated on 2021-07-01 01:49:11 CEST.

Flavor Version Tinstall Tcheck Ttotal Status Flags
r-devel-linux-x86_64-debian-clang 2.6.9 49.69 400.82 450.51 NOTE
r-devel-linux-x86_64-debian-gcc 2.6.9 43.33 306.93 350.26 NOTE
r-devel-linux-x86_64-fedora-clang 2.6.9 521.56 NOTE
r-devel-linux-x86_64-fedora-gcc 2.6.9 518.46 NOTE
r-devel-windows-x86_64 2.6.9 84.00 360.00 444.00 NOTE
r-devel-windows-x86_64-gcc10-UCRT 2.6.9 NOTE
r-patched-linux-x86_64 2.6.9 50.27 381.08 431.35 NOTE
r-patched-solaris-x86 2.6.9 627.60 NOTE
r-release-linux-x86_64 2.6.9 44.85 377.73 422.58 NOTE
r-release-macos-arm64 2.6.9 NOTE
r-release-macos-x86_64 2.6.9 NOTE
r-release-windows-ix86+x86_64 2.6.9 88.00 420.00 508.00 NOTE
r-oldrel-macos-x86_64 2.6.9 OK
r-oldrel-windows-ix86+x86_64 2.6.9 67.00 338.00 405.00 OK

Check Details

Version: 2.6.9
Check: LazyData
Result: NOTE
     'LazyData' is specified without a 'data' directory
Flavors: r-devel-linux-x86_64-debian-clang, r-devel-linux-x86_64-debian-gcc, r-devel-linux-x86_64-fedora-clang, r-devel-linux-x86_64-fedora-gcc, r-devel-windows-x86_64, r-devel-windows-x86_64-gcc10-UCRT, r-patched-linux-x86_64, r-patched-solaris-x86, r-release-linux-x86_64, r-release-macos-arm64, r-release-macos-x86_64, r-release-windows-ix86+x86_64