CRAN Package Check Results for Package EpiSignalDetection

Last updated on 2021-07-01 01:49:11 CEST.

Flavor Version Tinstall Tcheck Ttotal Status Flags
r-devel-linux-x86_64-debian-clang 0.1.1 4.56 46.46 51.02 OK
r-devel-linux-x86_64-debian-gcc 0.1.1 3.51 35.54 39.05 OK
r-devel-linux-x86_64-fedora-clang 0.1.1 69.30 NOTE
r-devel-linux-x86_64-fedora-gcc 0.1.1 59.28 NOTE
r-devel-windows-x86_64 0.1.1 18.00 59.00 77.00 OK
r-devel-windows-x86_64-gcc10-UCRT 0.1.1 NOTE
r-patched-linux-x86_64 0.1.1 3.42 44.38 47.80 OK
r-patched-solaris-x86 0.1.1 88.10 ERROR
r-release-linux-x86_64 0.1.1 4.58 44.20 48.78 OK
r-release-macos-arm64 0.1.1 ERROR
r-release-macos-x86_64 0.1.1 ERROR
r-release-windows-ix86+x86_64 0.1.1 39.00 73.00 112.00 OK
r-oldrel-macos-x86_64 0.1.1 ERROR
r-oldrel-windows-ix86+x86_64 0.1.1 10.00 54.00 64.00 OK

Check Details

Version: 0.1.1
Check: dependencies in R code
Result: NOTE
    Namespaces in Imports field not imported from:
     ‘DT’ ‘ggplot2’ ‘knitr’ ‘pander’
     All declared Imports should be used.
Flavors: r-devel-linux-x86_64-fedora-clang, r-devel-linux-x86_64-fedora-gcc, r-devel-windows-x86_64-gcc10-UCRT, r-patched-solaris-x86, r-release-macos-arm64, r-release-macos-x86_64, r-oldrel-macos-x86_64

Version: 0.1.1
Check: examples
Result: ERROR
    Running examples in ‘EpiSignalDetection-Ex.R’ failed
    The error most likely occurred in:
    
    > ### Name: runEpiSDReport
    > ### Title: Run the EpiSignalDetection report (HTML markdown)
    > ### Aliases: runEpiSDReport
    >
    > ### ** Examples
    >
    > #---> OR
    >
    > #-- First setting the parameters to run the report for
    > input <- list(
    + disease = "Salmonellosis",
    + country = "Portugal",
    + indicator = "Reported cases",
    + stratification = "Confirmed cases",
    + unit = "Month",
    + daterange = c("2011-01-01", "2016-12-31"),
    + algo = "FarringtonFlexible",
    + testingperiod = 6
    + )
    >
    > #-- Second running the report based on the EpiSignalDetection::SignalData dataset
    > #-- and store it in a temporary folder
    > runEpiSDReport(input = input)
    Error: pandoc version 1.12.3 or higher is required and was not found (see the help page ?rmarkdown::pandoc_available).
    Execution halted
Flavors: r-patched-solaris-x86, r-release-macos-arm64, r-release-macos-x86_64, r-oldrel-macos-x86_64