Last updated on 2021-07-01 01:49:11 CEST.
Flavor | Version | Tinstall | Tcheck | Ttotal | Status | Flags |
---|---|---|---|---|---|---|
r-devel-linux-x86_64-debian-clang | 1.0 | 36.04 | 77.20 | 113.24 | OK | |
r-devel-linux-x86_64-debian-gcc | 1.0 | 24.20 | 59.39 | 83.59 | OK | |
r-devel-linux-x86_64-fedora-clang | 1.0 | 152.79 | NOTE | |||
r-devel-linux-x86_64-fedora-gcc | 1.0 | 140.89 | NOTE | |||
r-devel-windows-x86_64 | 1.0 | 31.00 | 109.00 | 140.00 | OK | |
r-devel-windows-x86_64-gcc10-UCRT | 1.0 | OK | ||||
r-patched-linux-x86_64 | 1.0 | 26.90 | 73.94 | 100.84 | OK | |
r-patched-solaris-x86 | 1.0 | 179.70 | OK | |||
r-release-linux-x86_64 | 1.0 | 29.05 | 74.57 | 103.62 | OK | |
r-release-macos-arm64 | 1.0 | OK | ||||
r-release-macos-x86_64 | 1.0 | OK | ||||
r-release-windows-ix86+x86_64 | 1.0 | 57.00 | 144.00 | 201.00 | OK | |
r-oldrel-macos-x86_64 | 1.0 | OK | ||||
r-oldrel-windows-ix86+x86_64 | 1.0 | 85.00 | 144.00 | 229.00 | OK |
Version: 1.0
Check: compiled code
Result: NOTE
File ‘EstHer/libs/EstHer.so’:
Found no calls to: ‘R_registerRoutines’, ‘R_useDynamicSymbols’
It is good practice to register native routines and to disable symbol
search.
See ‘Writing portable packages’ in the ‘Writing R Extensions’ manual.
Flavors: r-devel-linux-x86_64-fedora-clang, r-devel-linux-x86_64-fedora-gcc