Last updated on 2021-07-01 01:49:11 CEST.
Flavor | Version | Tinstall | Tcheck | Ttotal | Status | Flags |
---|---|---|---|---|---|---|
r-devel-linux-x86_64-debian-clang | 0.3.1 | 12.90 | 113.28 | 126.18 | NOTE | |
r-devel-linux-x86_64-debian-gcc | 0.3.1 | 11.27 | 82.41 | 93.68 | NOTE | |
r-devel-linux-x86_64-fedora-clang | 0.3.1 | 164.70 | NOTE | |||
r-devel-linux-x86_64-fedora-gcc | 0.3.1 | 141.26 | NOTE | |||
r-devel-windows-x86_64 | 0.3.1 | 42.00 | 111.00 | 153.00 | NOTE | |
r-devel-windows-x86_64-gcc10-UCRT | 0.3.1 | NOTE | ||||
r-patched-linux-x86_64 | 0.3.1 | 11.65 | 103.91 | 115.56 | NOTE | |
r-patched-solaris-x86 | 0.3.1 | 211.40 | NOTE | |||
r-release-linux-x86_64 | 0.3.1 | 11.37 | 104.36 | 115.73 | NOTE | |
r-release-macos-arm64 | 0.3.1 | NOTE | ||||
r-release-macos-x86_64 | 0.3.1 | NOTE | ||||
r-release-windows-ix86+x86_64 | 0.3.1 | 33.00 | 128.00 | 161.00 | NOTE | |
r-oldrel-macos-x86_64 | 0.3.1 | OK | ||||
r-oldrel-windows-ix86+x86_64 | 0.3.1 | 31.00 | 104.00 | 135.00 | OK |
Version: 0.3.1
Check: LazyData
Result: NOTE
'LazyData' is specified without a 'data' directory
Flavors: r-devel-linux-x86_64-debian-clang, r-devel-linux-x86_64-debian-gcc, r-devel-linux-x86_64-fedora-clang, r-devel-linux-x86_64-fedora-gcc, r-devel-windows-x86_64, r-devel-windows-x86_64-gcc10-UCRT, r-patched-linux-x86_64, r-patched-solaris-x86, r-release-linux-x86_64, r-release-macos-arm64, r-release-macos-x86_64, r-release-windows-ix86+x86_64