Last updated on 2021-07-01 01:49:11 CEST.
Flavor | Version | Tinstall | Tcheck | Ttotal | Status | Flags |
---|---|---|---|---|---|---|
r-devel-linux-x86_64-debian-clang | 2.1.0 | 10.05 | 259.20 | 269.25 | OK | |
r-devel-linux-x86_64-debian-gcc | 2.1.0 | 8.61 | 206.73 | 215.34 | OK | |
r-devel-linux-x86_64-fedora-clang | 2.1.0 | 337.77 | NOTE | |||
r-devel-linux-x86_64-fedora-gcc | 2.1.0 | 318.88 | NOTE | |||
r-devel-windows-x86_64 | 2.1.0 | 12.00 | 324.00 | 336.00 | OK | |
r-devel-windows-x86_64-gcc10-UCRT | 2.1.0 | NOTE | ||||
r-patched-linux-x86_64 | 2.1.0 | 12.31 | 252.30 | 264.61 | OK | |
r-patched-solaris-x86 | 2.1.0 | 426.00 | NOTE | |||
r-release-linux-x86_64 | 2.1.0 | 8.07 | 248.41 | 256.48 | OK | |
r-release-macos-arm64 | 2.1.0 | NOTE | ||||
r-release-macos-x86_64 | 2.1.0 | NOTE | ||||
r-release-windows-ix86+x86_64 | 2.1.0 | 21.00 | 319.00 | 340.00 | OK | |
r-oldrel-macos-x86_64 | 2.1.0 | NOTE | ||||
r-oldrel-windows-ix86+x86_64 | 2.1.0 | 23.00 | 265.00 | 288.00 | OK |
Version: 2.1.0
Check: dependencies in R code
Result: NOTE
Namespace in Imports field not imported from: ‘matrixStats’
All declared Imports should be used.
Flavors: r-devel-linux-x86_64-fedora-clang, r-devel-linux-x86_64-fedora-gcc, r-devel-windows-x86_64-gcc10-UCRT, r-patched-solaris-x86, r-release-macos-arm64, r-release-macos-x86_64, r-oldrel-macos-x86_64