Last updated on 2021-07-01 01:49:11 CEST.
Flavor | Version | Tinstall | Tcheck | Ttotal | Status | Flags |
---|---|---|---|---|---|---|
r-devel-linux-x86_64-debian-clang | 2.1.4 | 6.54 | 52.21 | 58.75 | OK | |
r-devel-linux-x86_64-debian-gcc | 2.1.4 | 4.96 | 39.67 | 44.63 | OK | |
r-devel-linux-x86_64-fedora-clang | 2.1.4 | 81.17 | OK | |||
r-devel-linux-x86_64-fedora-gcc | 2.1.4 | 71.55 | OK | |||
r-devel-windows-x86_64 | 2.1.4 | 8.00 | 72.00 | 80.00 | OK | |
r-devel-windows-x86_64-gcc10-UCRT | 2.1.4 | OK | ||||
r-patched-linux-x86_64 | 2.1.4 | 6.49 | 50.61 | 57.10 | OK | |
r-release-linux-x86_64 | 2.1.4 | 5.41 | 50.43 | 55.84 | OK | |
r-release-macos-arm64 | 2.1.4 | ERROR | ||||
r-release-macos-x86_64 | 2.1.4 | OK | ||||
r-release-windows-ix86+x86_64 | 2.1.4 | 10.00 | 65.00 | 75.00 | OK | |
r-oldrel-macos-x86_64 | 2.1.4 | OK | ||||
r-oldrel-windows-ix86+x86_64 | 2.1.4 | 12.00 | 70.00 | 82.00 | OK |
Version: 2.1.4
Check: package dependencies
Result: ERROR
Packages required but not available: 'SNPRelate', 'gdsfmt'
See section ‘The DESCRIPTION file’ in the ‘Writing R Extensions’
manual.
Flavor: r-release-macos-arm64