CRAN Package Check Results for Package EvaluateCore

Last updated on 2021-07-01 01:49:11 CEST.

Flavor Version Tinstall Tcheck Ttotal Status Flags
r-devel-linux-x86_64-debian-clang 0.1.2 14.49 136.63 151.12 OK
r-devel-linux-x86_64-debian-gcc 0.1.2 10.11 98.98 109.09 OK
r-devel-linux-x86_64-fedora-clang 0.1.2 189.00 NOTE
r-devel-linux-x86_64-fedora-gcc 0.1.2 168.72 NOTE
r-devel-windows-x86_64 0.1.2 27.00 139.00 166.00 OK
r-devel-windows-x86_64-gcc10-UCRT 0.1.2 NOTE
r-patched-linux-x86_64 0.1.2 12.33 125.26 137.59 OK
r-patched-solaris-x86 0.1.2 254.80 NOTE
r-release-linux-x86_64 0.1.2 14.12 126.08 140.20 OK
r-release-macos-arm64 0.1.2 NOTE
r-release-macos-x86_64 0.1.2 NOTE
r-release-windows-ix86+x86_64 0.1.2 35.00 158.00 193.00 OK
r-oldrel-macos-x86_64 0.1.2 NOTE
r-oldrel-windows-ix86+x86_64 0.1.2 37.00 134.00 171.00 OK

Check Details

Version: 0.1.2
Check: dependencies in R code
Result: NOTE
    Namespace in Imports field not imported from: ‘mathjaxr’
     All declared Imports should be used.
Flavors: r-devel-linux-x86_64-fedora-clang, r-devel-linux-x86_64-fedora-gcc, r-devel-windows-x86_64-gcc10-UCRT, r-patched-solaris-x86, r-release-macos-arm64, r-release-macos-x86_64, r-oldrel-macos-x86_64

Version: 0.1.2
Check: package dependencies
Result: NOTE
    Package suggested but not available for checking: ‘corehunter’
Flavor: r-patched-solaris-x86