Last updated on 2021-07-01 01:49:12 CEST.
Flavor | Version | Tinstall | Tcheck | Ttotal | Status | Flags |
---|---|---|---|---|---|---|
r-devel-linux-x86_64-debian-clang | 0.0.6 | 40.45 | 105.77 | 146.22 | NOTE | |
r-devel-linux-x86_64-debian-gcc | 0.0.6 | 34.29 | 75.77 | 110.06 | NOTE | |
r-devel-linux-x86_64-fedora-clang | 0.0.6 | 192.60 | NOTE | |||
r-devel-linux-x86_64-fedora-gcc | 0.0.6 | 189.72 | NOTE | |||
r-devel-windows-x86_64 | 0.0.6 | 42.00 | 147.00 | 189.00 | NOTE | |
r-devel-windows-x86_64-gcc10-UCRT | 0.0.6 | NOTE | ||||
r-patched-linux-x86_64 | 0.0.6 | 40.16 | 102.34 | 142.50 | NOTE | |
r-patched-solaris-x86 | 0.0.6 | 222.20 | NOTE | |||
r-release-linux-x86_64 | 0.0.6 | 38.93 | 101.75 | 140.68 | NOTE | |
r-release-macos-arm64 | 0.0.6 | NOTE | ||||
r-release-macos-x86_64 | 0.0.6 | NOTE | ||||
r-release-windows-ix86+x86_64 | 0.0.6 | 96.00 | 145.00 | 241.00 | NOTE | |
r-oldrel-macos-x86_64 | 0.0.6 | NOTE | ||||
r-oldrel-windows-ix86+x86_64 | 0.0.6 | 99.00 | 161.00 | 260.00 | OK |
Version: 0.0.6
Check: LazyData
Result: NOTE
'LazyData' is specified without a 'data' directory
Flavors: r-devel-linux-x86_64-debian-clang, r-devel-linux-x86_64-debian-gcc, r-devel-linux-x86_64-fedora-clang, r-devel-linux-x86_64-fedora-gcc, r-devel-windows-x86_64, r-devel-windows-x86_64-gcc10-UCRT, r-patched-linux-x86_64, r-patched-solaris-x86, r-release-linux-x86_64, r-release-macos-arm64, r-release-macos-x86_64, r-release-windows-ix86+x86_64
Version: 0.0.6
Check: installed package size
Result: NOTE
installed size is 8.9Mb
sub-directories of 1Mb or more:
libs 7.9Mb
Flavors: r-devel-linux-x86_64-fedora-clang, r-release-macos-arm64, r-release-macos-x86_64, r-oldrel-macos-x86_64
Version: 0.0.6
Check: dependencies in R code
Result: NOTE
Namespaces in Imports field not imported from:
‘MASS’ ‘XML’ ‘gglasso’ ‘methods’
All declared Imports should be used.
Flavors: r-devel-linux-x86_64-fedora-clang, r-devel-linux-x86_64-fedora-gcc, r-devel-windows-x86_64-gcc10-UCRT, r-patched-solaris-x86, r-release-macos-arm64, r-release-macos-x86_64, r-oldrel-macos-x86_64