CRAN Package Check Results for Package FRESA.CAD

Last updated on 2021-07-01 01:49:12 CEST.

Flavor Version Tinstall Tcheck Ttotal Status Flags
r-devel-linux-x86_64-debian-clang 3.3.0 120.26 200.37 320.63 OK
r-devel-linux-x86_64-debian-gcc 3.3.0 90.07 143.88 233.95 OK
r-devel-linux-x86_64-fedora-clang 3.3.0 403.40 NOTE
r-devel-linux-x86_64-fedora-gcc 3.3.0 384.78 OK
r-devel-windows-x86_64 3.3.0 104.00 192.00 296.00 OK
r-devel-windows-x86_64-gcc10-UCRT 3.3.0 OK
r-patched-linux-x86_64 3.3.0 105.12 187.64 292.76 OK
r-patched-solaris-x86 3.3.0 397.30 OK
r-release-linux-x86_64 3.3.0 93.23 185.31 278.54 OK
r-release-macos-arm64 3.3.0 NOTE
r-release-macos-x86_64 3.3.0 NOTE
r-release-windows-ix86+x86_64 3.3.0 245.00 263.00 508.00 NOTE
r-oldrel-macos-x86_64 3.3.0 NOTE
r-oldrel-windows-ix86+x86_64 3.3.0 247.00 227.00 474.00 NOTE

Check Details

Version: 3.3.0
Check: installed package size
Result: NOTE
     installed size is 8.9Mb
     sub-directories of 1Mb or more:
     doc 1.7Mb
     libs 6.1Mb
Flavors: r-devel-linux-x86_64-fedora-clang, r-release-macos-arm64, r-release-macos-x86_64, r-release-windows-ix86+x86_64, r-oldrel-macos-x86_64, r-oldrel-windows-ix86+x86_64