Last updated on 2021-07-01 01:49:12 CEST.
Flavor | Version | Tinstall | Tcheck | Ttotal | Status | Flags |
---|---|---|---|---|---|---|
r-devel-linux-x86_64-debian-clang | 0.1.1 | 4.32 | 76.43 | 80.75 | NOTE | |
r-devel-linux-x86_64-debian-gcc | 0.1.1 | 3.17 | 57.59 | 60.76 | NOTE | |
r-devel-linux-x86_64-fedora-clang | 0.1.1 | 103.01 | OK | |||
r-devel-linux-x86_64-fedora-gcc | 0.1.1 | 96.33 | OK | |||
r-devel-windows-x86_64 | 0.1.1 | 6.00 | 84.00 | 90.00 | NOTE | |
r-devel-windows-x86_64-gcc10-UCRT | 0.1.1 | OK | ||||
r-patched-linux-x86_64 | 0.1.1 | 4.28 | 73.54 | 77.82 | NOTE | |
r-patched-solaris-x86 | 0.1.1 | 168.10 | OK | |||
r-release-linux-x86_64 | 0.1.1 | 4.02 | 74.32 | 78.34 | NOTE | |
r-release-macos-arm64 | 0.1.1 | OK | ||||
r-release-macos-x86_64 | 0.1.1 | OK | ||||
r-release-windows-ix86+x86_64 | 0.1.1 | 6.00 | 92.00 | 98.00 | NOTE | |
r-oldrel-macos-x86_64 | 0.1.1 | OK | ||||
r-oldrel-windows-ix86+x86_64 | 0.1.1 | 9.00 | 82.00 | 91.00 | NOTE |
Version: 0.1.1
Check: package vignettes
Result: NOTE
Package vignette with placeholder title 'Vignette Title':
'FusionLearn.Rmd'
Flavors: r-devel-linux-x86_64-debian-clang, r-devel-linux-x86_64-debian-gcc, r-devel-windows-x86_64, r-patched-linux-x86_64, r-release-linux-x86_64, r-release-windows-ix86+x86_64, r-oldrel-windows-ix86+x86_64