Last updated on 2021-07-01 01:49:12 CEST.
Flavor | Version | Tinstall | Tcheck | Ttotal | Status | Flags |
---|---|---|---|---|---|---|
r-devel-linux-x86_64-debian-clang | 1.2.2 | 19.28 | 49.15 | 68.43 | OK | |
r-devel-linux-x86_64-debian-gcc | 1.2.2 | 14.13 | 38.41 | 52.54 | OK | |
r-devel-linux-x86_64-fedora-clang | 1.2.2 | 94.53 | NOTE | |||
r-devel-linux-x86_64-fedora-gcc | 1.2.2 | 83.30 | NOTE | |||
r-devel-windows-x86_64 | 1.2.2 | 21.00 | 82.00 | 103.00 | OK | |
r-devel-windows-x86_64-gcc10-UCRT | 1.2.2 | OK | ||||
r-patched-linux-x86_64 | 1.2.2 | 16.39 | 47.57 | 63.96 | OK | |
r-patched-solaris-x86 | 1.2.2 | 115.30 | OK | |||
r-release-linux-x86_64 | 1.2.2 | 16.87 | 47.17 | 64.04 | OK | |
r-release-macos-arm64 | 1.2.2 | OK | ||||
r-release-macos-x86_64 | 1.2.2 | OK | ||||
r-release-windows-ix86+x86_64 | 1.2.2 | 34.00 | 97.00 | 131.00 | OK | |
r-oldrel-macos-x86_64 | 1.2.2 | OK | ||||
r-oldrel-windows-ix86+x86_64 | 1.2.2 | 41.00 | 105.00 | 146.00 | OK |
Version: 1.2.2
Check: compiled code
Result: NOTE
File ‘GCPM/libs/GCPM.so’:
Found no calls to: ‘R_registerRoutines’, ‘R_useDynamicSymbols’
It is good practice to register native routines and to disable symbol
search.
See ‘Writing portable packages’ in the ‘Writing R Extensions’ manual.
Flavors: r-devel-linux-x86_64-fedora-clang, r-devel-linux-x86_64-fedora-gcc