CRAN Package Check Results for Package GDAtools

Last updated on 2021-07-01 01:49:12 CEST.

Flavor Version Tinstall Tcheck Ttotal Status Flags
r-devel-linux-x86_64-debian-clang 1.7 11.90 207.28 219.18 OK
r-devel-linux-x86_64-debian-gcc 1.7 10.26 150.39 160.65 OK
r-devel-linux-x86_64-fedora-clang 1.7 278.48 NOTE
r-devel-linux-x86_64-fedora-gcc 1.7 253.39 OK
r-devel-windows-x86_64 1.7 19.00 220.00 239.00 NOTE
r-devel-windows-x86_64-gcc10-UCRT 1.7 OK
r-patched-linux-x86_64 1.7 17.25 193.30 210.55 OK
r-patched-solaris-x86 1.7 337.40 NOTE
r-release-linux-x86_64 1.7 12.06 194.14 206.20 OK
r-release-macos-arm64 1.7 NOTE
r-release-macos-x86_64 1.7 NOTE
r-release-windows-ix86+x86_64 1.7 25.00 250.00 275.00 NOTE
r-oldrel-macos-x86_64 1.7 NOTE
r-oldrel-windows-ix86+x86_64 1.7 28.00 195.00 223.00 NOTE

Check Details

Version: 1.7
Check: installed package size
Result: NOTE
     installed size is 5.3Mb
     sub-directories of 1Mb or more:
     doc 4.7Mb
Flavors: r-devel-linux-x86_64-fedora-clang, r-devel-windows-x86_64, r-patched-solaris-x86, r-release-macos-arm64, r-release-macos-x86_64, r-release-windows-ix86+x86_64, r-oldrel-macos-x86_64, r-oldrel-windows-ix86+x86_64

Version: 1.7
Check: Rd cross-references
Result: NOTE
    Undeclared package ‘vcd’ in Rd xrefs
Flavor: r-devel-linux-x86_64-fedora-clang