Last updated on 2021-07-01 01:49:13 CEST.
Flavor | Version | Tinstall | Tcheck | Ttotal | Status | Flags |
---|---|---|---|---|---|---|
r-devel-linux-x86_64-debian-clang | 2.4-0 | 54.10 | 171.81 | 225.91 | OK | |
r-devel-linux-x86_64-debian-gcc | 2.4-0 | 38.14 | 123.49 | 161.63 | OK | |
r-devel-linux-x86_64-fedora-clang | 2.4-0 | 277.48 | NOTE | |||
r-devel-linux-x86_64-fedora-gcc | 2.4-0 | 274.81 | OK | |||
r-devel-windows-x86_64 | 2.4-0 | 71.00 | 208.00 | 279.00 | NOTE | |
r-devel-windows-x86_64-gcc10-UCRT | 2.4-0 | OK | ||||
r-patched-linux-x86_64 | 2.4-0 | 48.99 | 162.60 | 211.59 | OK | |
r-patched-solaris-x86 | 2.4-0 | 276.60 | NOTE | |||
r-release-linux-x86_64 | 2.4-0 | 47.17 | 162.22 | 209.39 | OK | |
r-release-macos-arm64 | 2.4-0 | NOTE | ||||
r-release-macos-x86_64 | 2.4-0 | NOTE | ||||
r-release-windows-ix86+x86_64 | 2.4-0 | 74.00 | 270.00 | 344.00 | NOTE | |
r-oldrel-macos-x86_64 | 2.4-0 | NOTE | ||||
r-oldrel-windows-ix86+x86_64 | 2.4-0 | 102.00 | 223.00 | 325.00 | NOTE |
Version: 2.4-0
Check: installed package size
Result: NOTE
installed size is 6.6Mb
sub-directories of 1Mb or more:
doc 3.3Mb
Flavors: r-devel-linux-x86_64-fedora-clang, r-devel-windows-x86_64, r-patched-solaris-x86, r-release-macos-arm64, r-release-macos-x86_64, r-release-windows-ix86+x86_64, r-oldrel-macos-x86_64, r-oldrel-windows-ix86+x86_64