CRAN Package Check Results for Package GRANBase

Last updated on 2021-07-01 01:49:13 CEST.

Flavor Version Tinstall Tcheck Ttotal Status Flags
r-devel-linux-x86_64-debian-clang 2.6.20 9.57 84.65 94.22 OK
r-devel-linux-x86_64-debian-gcc 2.6.20 8.20 62.80 71.00 OK
r-devel-linux-x86_64-fedora-clang 2.6.20 119.71 OK
r-devel-linux-x86_64-fedora-gcc 2.6.20 107.64 OK
r-devel-windows-x86_64 2.6.20 19.00 103.00 122.00 OK
r-devel-windows-x86_64-gcc10-UCRT 0.10.0 OK
r-patched-linux-x86_64 2.6.20 12.21 199.88 212.09 OK
r-patched-solaris-x86 2.6.20 163.30 OK
r-release-linux-x86_64 2.6.20 10.93 196.04 206.97 OK
r-release-macos-arm64 2.6.20 NOTE
r-release-macos-x86_64 2.6.20 OK
r-release-windows-ix86+x86_64 2.6.20 43.00 199.00 242.00 OK
r-oldrel-macos-x86_64 2.6.20 OK
r-oldrel-windows-ix86+x86_64 2.6.20 26.00 167.00 193.00 OK

Check Details

Version: 2.6.20
Check: package dependencies
Result: NOTE
    Package suggested but not available for checking: ‘hexSticker’
Flavor: r-release-macos-arm64