Last updated on 2021-07-01 01:49:14 CEST.
Flavor | Version | Tinstall | Tcheck | Ttotal | Status | Flags |
---|---|---|---|---|---|---|
r-devel-linux-x86_64-debian-clang | 1.2.7 | 13.85 | 63.28 | 77.13 | OK | |
r-devel-linux-x86_64-debian-gcc | 1.2.7 | 10.06 | 47.79 | 57.85 | OK | |
r-devel-linux-x86_64-fedora-clang | 1.2.7 | 103.31 | OK | |||
r-devel-linux-x86_64-fedora-gcc | 1.2.7 | 92.57 | OK | |||
r-devel-windows-x86_64 | 1.2.7 | 11.00 | 67.00 | 78.00 | OK | |
r-devel-windows-x86_64-gcc10-UCRT | 1.2.7 | OK | ||||
r-patched-linux-x86_64 | 1.2.7 | 14.47 | 62.05 | 76.52 | OK | |
r-patched-solaris-x86 | 1.2.7 | 119.00 | OK | |||
r-release-linux-x86_64 | 1.2.7 | 13.22 | 61.57 | 74.79 | OK | |
r-release-macos-arm64 | 1.2.7 | ERROR | ||||
r-release-macos-x86_64 | 1.2.7 | ERROR | ||||
r-release-windows-ix86+x86_64 | 1.2.7 | 10.00 | 61.00 | 71.00 | OK | |
r-oldrel-macos-x86_64 | 1.2.7 | ERROR | ||||
r-oldrel-windows-ix86+x86_64 | 1.2.7 | 18.00 | 57.00 | 75.00 | OK |
Version: 1.2.7
Check: package dependencies
Result: ERROR
Package required but not available: ‘rpanel’
See section ‘The DESCRIPTION file’ in the ‘Writing R Extensions’
manual.
Flavors: r-release-macos-arm64, r-release-macos-x86_64, r-oldrel-macos-x86_64