CRAN Package Check Results for Package GUIProfiler

Last updated on 2021-07-01 01:49:14 CEST.

Flavor Version Tinstall Tcheck Ttotal Status Flags
r-devel-linux-x86_64-debian-clang 2.0.1 4.68 58.38 63.06 NOTE
r-devel-linux-x86_64-debian-gcc 2.0.1 4.29 45.31 49.60 NOTE
r-devel-linux-x86_64-fedora-clang 2.0.1 83.85 NOTE
r-devel-linux-x86_64-fedora-gcc 2.0.1 73.56 NOTE
r-devel-windows-x86_64 2.0.1 7.00 81.00 88.00 OK
r-devel-windows-x86_64-gcc10-UCRT 2.0.1 OK
r-patched-linux-x86_64 2.0.1 5.29 56.96 62.25 NOTE
r-patched-solaris-x86 2.0.1 146.50 NOTE
r-release-linux-x86_64 2.0.1 4.98 56.90 61.88 NOTE
r-release-macos-arm64 2.0.1 OK
r-release-macos-x86_64 2.0.1 OK
r-release-windows-ix86+x86_64 2.0.1 8.00 72.00 80.00 OK
r-oldrel-macos-x86_64 2.0.1 OK
r-oldrel-windows-ix86+x86_64 2.0.1 12.00 122.00 134.00 OK

Check Details

Version: 2.0.1
Check: for non-standard things in the check directory
Result: NOTE
    Found the following files/directories:
     'RRprof.out'
Flavors: r-devel-linux-x86_64-debian-clang, r-devel-linux-x86_64-debian-gcc, r-devel-linux-x86_64-fedora-clang, r-devel-linux-x86_64-fedora-gcc, r-patched-linux-x86_64, r-patched-solaris-x86, r-release-linux-x86_64